{"id":8142,"date":"2025-09-30T11:23:21","date_gmt":"2025-09-30T11:23:21","guid":{"rendered":"https:\/\/www.merck.ca\/fr\/?page_id=8142"},"modified":"2025-09-30T11:23:22","modified_gmt":"2025-09-30T11:23:22","slug":"julie-perrone","status":"publish","type":"page","link":"https:\/\/www.merck.ca\/fr\/apercu-de-lentreprise\/equipe-de-direction\/julie-perrone\/","title":{"rendered":"Julie Perrone"},"content":{"rendered":"\n<div id=\"mco-b2-hero-block-block_6af31c3284a9f629728d5c6bf1dd3a38\" class=\"mco-b2-hero-block full mccberg-block\">\n    <div class=\"mco-b2-hero-block-wrapper\">\n        <div class=\"mco-b2-hero-block-image-section \">\n                            <div class=\"mco-b2-hero-block-image-container \">\n                    <picture >\n\t<source media=\"(max-width: 767px)\" data-srcset=\"https:\/\/www.merck.ca\/fr\/wp-content\/uploads\/sites\/83\/2025\/09\/Picture1.png?w=768\" srcset=\"https:\/\/www.merck.ca\/fr\/wp-content\/uploads\/sites\/83\/2025\/09\/Picture1.png?w=768\" >\n<source media=\"(min-width: 768px) and (max-width: 1199px)\" data-srcset=\"https:\/\/www.merck.ca\/fr\/wp-content\/uploads\/sites\/83\/2025\/09\/Picture1.png?h=768\" srcset=\"https:\/\/www.merck.ca\/fr\/wp-content\/uploads\/sites\/83\/2025\/09\/Picture1.png?h=768\" >\n<source media=\"(min-width: 1200px) and (max-width: 1919px)\" data-srcset=\"https:\/\/www.merck.ca\/fr\/wp-content\/uploads\/sites\/83\/2025\/09\/Picture1.png?w=1200\" srcset=\"https:\/\/www.merck.ca\/fr\/wp-content\/uploads\/sites\/83\/2025\/09\/Picture1.png?w=1200\" >\n<source media=\"(min-width: 1920px)\" data-srcset=\"https:\/\/www.merck.ca\/fr\/wp-content\/uploads\/sites\/83\/2025\/09\/Picture1.png?w=1920\" srcset=\"https:\/\/www.merck.ca\/fr\/wp-content\/uploads\/sites\/83\/2025\/09\/Picture1.png?w=1920\" >\n\t<img data-src=\"https:\/\/www.merck.ca\/fr\/wp-content\/uploads\/sites\/83\/2025\/09\/Picture1.png?w=1920\" alt=\"Julie Perrone\" class=\"eager \" loading=\"eager\" \/>\n<\/picture>                                    <\/div>\n                        <div class=\"mco-b2-hero-block-image-container-two\">\n                            <\/div>\n        <\/div>\n\n        <div class=\"mco-b2-hero-block-content-section\">\n            <nav class=\"breadcrumbs wrapper text-descriptive\"aria-label=\"Breadcrumbs\"><\/nav>            \n                            <h1>Julie Perrone<\/h1>\n            \n                            <div class=\"mco-b2-hero-block-description\"><p><em>Directrice, Communications et Cheffe de cabinet<\/em><\/p>\n<\/div>\n            \n                    <\/div>\n    <\/div>\n\n    \n<\/div>\n\n\n\n<p>Julie est une leader passionn\u00e9e en communications et strat\u00e8ge, fi\u00e8rement engag\u00e9e dans un double r\u00f4le chez Merck Canada en tant que directrice des communications et cheffe de cabinet. \u00c0 titre de directrice des communications, Julie dirige une \u00e9quipe de professionnels d\u00e9vou\u00e9s, engag\u00e9s \u00e0 accro\u00eetre la notori\u00e9t\u00e9 de la marque Merck Canada et de sa mission essentielle, aider \u00e0 sauver et am\u00e9liorer des vies, en mettant en lumi\u00e8re l\u2019innovation scientifique, le talent des collaborateurs et l\u2019impact significatif de l\u2019entreprise. En tant que cheffe de cabinet du directeur g\u00e9n\u00e9ral, Julie collabore \u00e9troitement avec l\u2019\u00e9quipe de direction pour orienter les priorit\u00e9s strat\u00e9giques et assurer un focus sur ce qui compte vraiment pour le succ\u00e8s de l\u2019organisation. Forte d\u2019une solide formation acad\u00e9mique en histoire \u2014 titulaire d\u2019un baccalaur\u00e9at et d\u2019un doctorat de l\u2019Universit\u00e9 Concordia ainsi que d\u2019une ma\u00eetrise de l\u2019UQAM \u2014 Julie apporte \u00e0 ses communications d\u2019entreprise une profonde passion pour le \u00ab\u00a0storytelling\u00a0\u00bb. Avec plus de dix ans d\u2019exp\u00e9rience, elle a dirig\u00e9 des projets de recherche et de communication significatif, des \u00e9v\u00e9nements sectoriels d\u2019envergure et des initiatives de d\u00e9veloppement de marque dans les secteurs des services financiers, des transports, du milieu culturel et du milieu sans but lucratif.<\/p>\n","protected":false},"excerpt":{"rendered":"<p>Julie est une leader passionn\u00e9e en communications et strat\u00e8ge, fi\u00e8rement engag\u00e9e dans un double r\u00f4le chez Merck Canada en tant que directrice des communications et cheffe de cabinet. \u00c0 titre de directrice des communications, Julie dirige une \u00e9quipe de professionnels d\u00e9vou\u00e9s, engag\u00e9s \u00e0 accro\u00eetre la notori\u00e9t\u00e9 de la marque Merck Canada et de sa mission [&hellip;]<\/p>\n","protected":false},"author":1049,"featured_media":0,"parent":5961,"menu_order":0,"comment_status":"closed","ping_status":"closed","template":"","meta":{"_acf_changed":false,"bdl_company_name":[],"bdl_item_external_link":[],"editor_notices":[],"footnotes":""},"class_list":["post-8142","page","type-page","status-publish","hentry"],"yoast_head":"<!-- This site is optimized with the Yoast SEO plugin v21.9.1 - https:\/\/yoast.com\/wordpress\/plugins\/seo\/ -->\n<title>Julie Perrone - MCC Canada French<\/title>\n<meta name=\"robots\" content=\"index, follow, max-snippet:-1, max-image-preview:large, max-video-preview:-1\" \/>\n<link rel=\"canonical\" href=\"https:\/\/www.merck.ca\/fr\/apercu-de-lentreprise\/equipe-de-direction\/julie-perrone\/\" \/>\n<meta property=\"og:locale\" content=\"en_US\" \/>\n<meta property=\"og:type\" content=\"article\" \/>\n<meta property=\"og:title\" content=\"Julie Perrone - MCC Canada French\" \/>\n<meta property=\"og:description\" content=\"Julie est une leader passionn\u00e9e en communications et strat\u00e8ge, fi\u00e8rement engag\u00e9e dans un double r\u00f4le chez Merck Canada en tant que directrice des communications et cheffe de cabinet. \u00c0 titre de directrice des communications, Julie dirige une \u00e9quipe de professionnels d\u00e9vou\u00e9s, engag\u00e9s \u00e0 accro\u00eetre la notori\u00e9t\u00e9 de la marque Merck Canada et de sa mission [&hellip;]\" \/>\n<meta property=\"og:url\" content=\"https:\/\/www.merck.ca\/fr\/apercu-de-lentreprise\/equipe-de-direction\/julie-perrone\/\" \/>\n<meta property=\"og:site_name\" content=\"MCC Canada French\" \/>\n<meta property=\"article:modified_time\" content=\"2025-09-30T11:23:22+00:00\" \/>\n<meta name=\"twitter:card\" content=\"summary_large_image\" \/>\n<meta name=\"twitter:label1\" content=\"Est. reading time\" \/>\n\t<meta name=\"twitter:data1\" content=\"1 minute\" \/>\n<script type=\"application\/ld+json\" class=\"yoast-schema-graph\">{\"@context\":\"https:\/\/schema.org\",\"@graph\":[{\"@type\":\"WebPage\",\"@id\":\"https:\/\/www.merck.ca\/fr\/apercu-de-lentreprise\/equipe-de-direction\/julie-perrone\/\",\"url\":\"https:\/\/www.merck.ca\/fr\/apercu-de-lentreprise\/equipe-de-direction\/julie-perrone\/\",\"name\":\"Julie Perrone - MCC Canada French\",\"isPartOf\":{\"@id\":\"https:\/\/www.merck.ca\/fr\/#website\"},\"datePublished\":\"2025-09-30T11:23:21+00:00\",\"dateModified\":\"2025-09-30T11:23:22+00:00\",\"breadcrumb\":{\"@id\":\"https:\/\/www.merck.ca\/fr\/apercu-de-lentreprise\/equipe-de-direction\/julie-perrone\/#breadcrumb\"},\"inLanguage\":\"en-US\",\"potentialAction\":[{\"@type\":\"ReadAction\",\"target\":[\"https:\/\/www.merck.ca\/fr\/apercu-de-lentreprise\/equipe-de-direction\/julie-perrone\/\"]}]},{\"@type\":\"BreadcrumbList\",\"@id\":\"https:\/\/www.merck.ca\/fr\/apercu-de-lentreprise\/equipe-de-direction\/julie-perrone\/#breadcrumb\",\"itemListElement\":[{\"@type\":\"ListItem\",\"position\":1,\"name\":\"Aper\u00e7u de l\u2019entreprise\",\"item\":\"https:\/\/www.merck.ca\/fr\/apercu-de-lentreprise\/\"},{\"@type\":\"ListItem\",\"position\":2,\"name\":\"\u00c9quipe de direction\",\"item\":\"https:\/\/www.merck.ca\/fr\/apercu-de-lentreprise\/equipe-de-direction\/\"},{\"@type\":\"ListItem\",\"position\":3,\"name\":\"Julie Perrone\"}]},{\"@type\":\"WebSite\",\"@id\":\"https:\/\/www.merck.ca\/fr\/#website\",\"url\":\"https:\/\/www.merck.ca\/fr\/\",\"name\":\"MCC Canada French\",\"description\":\"Merck.ca\",\"potentialAction\":[{\"@type\":\"SearchAction\",\"target\":{\"@type\":\"EntryPoint\",\"urlTemplate\":\"https:\/\/www.merck.ca\/fr\/?s={search_term_string}\"},\"query-input\":\"required name=search_term_string\"}],\"inLanguage\":\"en-US\"}]}<\/script>\n<!-- \/ Yoast SEO plugin. -->","yoast_head_json":{"title":"Julie Perrone - MCC Canada French","robots":{"index":"index","follow":"follow","max-snippet":"max-snippet:-1","max-image-preview":"max-image-preview:large","max-video-preview":"max-video-preview:-1"},"canonical":"https:\/\/www.merck.ca\/fr\/apercu-de-lentreprise\/equipe-de-direction\/julie-perrone\/","og_locale":"en_US","og_type":"article","og_title":"Julie Perrone - MCC Canada French","og_description":"Julie est une leader passionn\u00e9e en communications et strat\u00e8ge, fi\u00e8rement engag\u00e9e dans un double r\u00f4le chez Merck Canada en tant que directrice des communications et cheffe de cabinet. \u00c0 titre de directrice des communications, Julie dirige une \u00e9quipe de professionnels d\u00e9vou\u00e9s, engag\u00e9s \u00e0 accro\u00eetre la notori\u00e9t\u00e9 de la marque Merck Canada et de sa mission [&hellip;]","og_url":"https:\/\/www.merck.ca\/fr\/apercu-de-lentreprise\/equipe-de-direction\/julie-perrone\/","og_site_name":"MCC Canada French","article_modified_time":"2025-09-30T11:23:22+00:00","twitter_card":"summary_large_image","twitter_misc":{"Est. reading time":"1 minute"},"schema":{"@context":"https:\/\/schema.org","@graph":[{"@type":"WebPage","@id":"https:\/\/www.merck.ca\/fr\/apercu-de-lentreprise\/equipe-de-direction\/julie-perrone\/","url":"https:\/\/www.merck.ca\/fr\/apercu-de-lentreprise\/equipe-de-direction\/julie-perrone\/","name":"Julie Perrone - MCC Canada French","isPartOf":{"@id":"https:\/\/www.merck.ca\/fr\/#website"},"datePublished":"2025-09-30T11:23:21+00:00","dateModified":"2025-09-30T11:23:22+00:00","breadcrumb":{"@id":"https:\/\/www.merck.ca\/fr\/apercu-de-lentreprise\/equipe-de-direction\/julie-perrone\/#breadcrumb"},"inLanguage":"en-US","potentialAction":[{"@type":"ReadAction","target":["https:\/\/www.merck.ca\/fr\/apercu-de-lentreprise\/equipe-de-direction\/julie-perrone\/"]}]},{"@type":"BreadcrumbList","@id":"https:\/\/www.merck.ca\/fr\/apercu-de-lentreprise\/equipe-de-direction\/julie-perrone\/#breadcrumb","itemListElement":[{"@type":"ListItem","position":1,"name":"Aper\u00e7u de l\u2019entreprise","item":"https:\/\/www.merck.ca\/fr\/apercu-de-lentreprise\/"},{"@type":"ListItem","position":2,"name":"\u00c9quipe de direction","item":"https:\/\/www.merck.ca\/fr\/apercu-de-lentreprise\/equipe-de-direction\/"},{"@type":"ListItem","position":3,"name":"Julie Perrone"}]},{"@type":"WebSite","@id":"https:\/\/www.merck.ca\/fr\/#website","url":"https:\/\/www.merck.ca\/fr\/","name":"MCC Canada French","description":"Merck.ca","potentialAction":[{"@type":"SearchAction","target":{"@type":"EntryPoint","urlTemplate":"https:\/\/www.merck.ca\/fr\/?s={search_term_string}"},"query-input":"required name=search_term_string"}],"inLanguage":"en-US"}]}},"acf":[],"_links":{"self":[{"href":"https:\/\/www.merck.ca\/fr\/wp-json\/wp\/v2\/pages\/8142","targetHints":{"allow":["GET"]}}],"collection":[{"href":"https:\/\/www.merck.ca\/fr\/wp-json\/wp\/v2\/pages"}],"about":[{"href":"https:\/\/www.merck.ca\/fr\/wp-json\/wp\/v2\/types\/page"}],"author":[{"embeddable":true,"href":"https:\/\/www.merck.ca\/fr\/wp-json\/wp\/v2\/users\/1049"}],"replies":[{"embeddable":true,"href":"https:\/\/www.merck.ca\/fr\/wp-json\/wp\/v2\/comments?post=8142"}],"version-history":[{"count":2,"href":"https:\/\/www.merck.ca\/fr\/wp-json\/wp\/v2\/pages\/8142\/revisions"}],"predecessor-version":[{"id":8144,"href":"https:\/\/www.merck.ca\/fr\/wp-json\/wp\/v2\/pages\/8142\/revisions\/8144"}],"up":[{"embeddable":true,"href":"https:\/\/www.merck.ca\/fr\/wp-json\/wp\/v2\/pages\/5961"}],"wp:attachment":[{"href":"https:\/\/www.merck.ca\/fr\/wp-json\/wp\/v2\/media?parent=8142"}],"curies":[{"name":"wp","href":"https:\/\/api.w.org\/{rel}","templated":true}]}}

<div id="mco-b2-hero-block-block_6af31c3284a9f629728d5c6bf1dd3a38" class="mco-b2-hero-block full mccberg-block">
    <div class="mco-b2-hero-block-wrapper">
        <div class="mco-b2-hero-block-image-section ">
                            <div class="mco-b2-hero-block-image-container ">
                    <picture >
	<source media="(max-width: 767px)" data-srcset="https://www.merck.ca/fr/wp-content/uploads/sites/83/2025/09/Picture1.png?w=768" srcset="https://www.merck.ca/fr/wp-content/uploads/sites/83/2025/09/Picture1.png?w=768" >
<source media="(min-width: 768px) and (max-width: 1199px)" data-srcset="https://www.merck.ca/fr/wp-content/uploads/sites/83/2025/09/Picture1.png?h=768" srcset="https://www.merck.ca/fr/wp-content/uploads/sites/83/2025/09/Picture1.png?h=768" >
<source media="(min-width: 1200px) and (max-width: 1919px)" data-srcset="https://www.merck.ca/fr/wp-content/uploads/sites/83/2025/09/Picture1.png?w=1200" srcset="https://www.merck.ca/fr/wp-content/uploads/sites/83/2025/09/Picture1.png?w=1200" >
<source media="(min-width: 1920px)" data-srcset="https://www.merck.ca/fr/wp-content/uploads/sites/83/2025/09/Picture1.png?w=1920" srcset="https://www.merck.ca/fr/wp-content/uploads/sites/83/2025/09/Picture1.png?w=1920" >
	<img data-src="https://www.merck.ca/fr/wp-content/uploads/sites/83/2025/09/Picture1.png?w=1920" alt="Julie Perrone" class="eager " loading="eager" />
</picture>                                    </div>
                        <div class="mco-b2-hero-block-image-container-two">
                            </div>
        </div>

        <div class="mco-b2-hero-block-content-section">
            <nav class="breadcrumbs wrapper text-descriptive"aria-label="Breadcrumbs"></nav>            
                            <h1>Julie Perrone</h1>
            
                            <div class="mco-b2-hero-block-description"><p><em>Directrice, Communications et Cheffe de cabinet</em></p>
</div>
            
                    </div>
    </div>

    
</div>



<p>Julie est une leader passionnée en communications et stratège, fièrement engagée dans un double rôle chez Merck Canada en tant que directrice des communications et cheffe de cabinet. À titre de directrice des communications, Julie dirige une équipe de professionnels dévoués, engagés à accroître la notoriété de la marque Merck Canada et de sa mission essentielle, aider à sauver et améliorer des vies, en mettant en lumière l’innovation scientifique, le talent des collaborateurs et l’impact significatif de l’entreprise. En tant que cheffe de cabinet du directeur général, Julie collabore étroitement avec l’équipe de direction pour orienter les priorités stratégiques et assurer un focus sur ce qui compte vraiment pour le succès de l’organisation. Forte d’une solide formation académique en histoire — titulaire d’un baccalauréat et d’un doctorat de l’Université Concordia ainsi que d’une maîtrise de l’UQAM — Julie apporte à ses communications d’entreprise une profonde passion pour le « storytelling ». Avec plus de dix ans d’expérience, elle a dirigé des projets de recherche et de communication significatif, des événements sectoriels d’envergure et des initiatives de développement de marque dans les secteurs des services financiers, des transports, du milieu culturel et du milieu sans but lucratif.</p>

<p>Julie est une leader passionnée en communications et stratège, fièrement engagée dans un double rôle chez Merck Canada en tant que directrice des communications et cheffe de cabinet. À titre de directrice des communications, Julie dirige une équipe de professionnels dévoués, engagés à accroître la notoriété de la marque Merck Canada et de sa mission [&hellip;]</p>

<!-- This site is optimized with the Yoast SEO plugin v21.9.1 - https://yoast.com/wordpress/plugins/seo/ -->
<title>Julie Perrone - MCC Canada French</title>
<meta name="robots" content="index, follow, max-snippet:-1, max-image-preview:large, max-video-preview:-1" />
<link rel="canonical" href="https://www.merck.ca/fr/apercu-de-lentreprise/equipe-de-direction/julie-perrone/" />
<meta property="og:locale" content="en_US" />
<meta property="og:type" content="article" />
<meta property="og:title" content="Julie Perrone - MCC Canada French" />
<meta property="og:description" content="Julie est une leader passionnée en communications et stratège, fièrement engagée dans un double rôle chez Merck Canada en tant que directrice des communications et cheffe de cabinet. À titre de directrice des communications, Julie dirige une équipe de professionnels dévoués, engagés à accroître la notoriété de la marque Merck Canada et de sa mission [&hellip;]" />
<meta property="og:url" content="https://www.merck.ca/fr/apercu-de-lentreprise/equipe-de-direction/julie-perrone/" />
<meta property="og:site_name" content="MCC Canada French" />
<meta property="article:modified_time" content="2025-09-30T11:23:22+00:00" />
<meta name="twitter:card" content="summary_large_image" />
<meta name="twitter:label1" content="Est. reading time" />
	<meta name="twitter:data1" content="1 minute" />
<script type="application/ld+json" class="yoast-schema-graph">{"@context":"https://schema.org","@graph":[{"@type":"WebPage","@id":"https://www.merck.ca/fr/apercu-de-lentreprise/equipe-de-direction/julie-perrone/","url":"https://www.merck.ca/fr/apercu-de-lentreprise/equipe-de-direction/julie-perrone/","name":"Julie Perrone - MCC Canada French","isPartOf":{"@id":"https://www.merck.ca/fr/#website"},"datePublished":"2025-09-30T11:23:21+00:00","dateModified":"2025-09-30T11:23:22+00:00","breadcrumb":{"@id":"https://www.merck.ca/fr/apercu-de-lentreprise/equipe-de-direction/julie-perrone/#breadcrumb"},"inLanguage":"en-US","potentialAction":[{"@type":"ReadAction","target":["https://www.merck.ca/fr/apercu-de-lentreprise/equipe-de-direction/julie-perrone/"]}]},{"@type":"BreadcrumbList","@id":"https://www.merck.ca/fr/apercu-de-lentreprise/equipe-de-direction/julie-perrone/#breadcrumb","itemListElement":[{"@type":"ListItem","position":1,"name":"Aperçu de l’entreprise","item":"https://www.merck.ca/fr/apercu-de-lentreprise/"},{"@type":"ListItem","position":2,"name":"Équipe de direction","item":"https://www.merck.ca/fr/apercu-de-lentreprise/equipe-de-direction/"},{"@type":"ListItem","position":3,"name":"Julie Perrone"}]},{"@type":"WebSite","@id":"https://www.merck.ca/fr/#website","url":"https://www.merck.ca/fr/","name":"MCC Canada French","description":"Merck.ca","potentialAction":[{"@type":"SearchAction","target":{"@type":"EntryPoint","urlTemplate":"https://www.merck.ca/fr/?s={search_term_string}"},"query-input":"required name=search_term_string"}],"inLanguage":"en-US"}]}</script>
<!-- / Yoast SEO plugin. -->

Julie est une leader passionnée en communications et stratège, fièrement engagée dans un double rôle chez Merck Canada en tant que directrice des communications et cheffe de cabinet. À titre de directrice des communications, Julie dirige une équipe de professionnels dévoués, engagés à accroître la notoriété de la marque Merck Canada et de sa mission [&hellip;]

Aperçu de l’entreprise

Équipe de direction
