{"id":7350,"date":"2024-11-29T20:48:04","date_gmt":"2024-11-29T20:48:04","guid":{"rendered":"https:\/\/www.merck.ca\/fr\/?page_id=7350"},"modified":"2025-07-21T12:46:59","modified_gmt":"2025-07-21T12:46:59","slug":"matthew-thornhill","status":"publish","type":"page","link":"https:\/\/www.merck.ca\/fr\/apercu-de-lentreprise\/equipe-de-direction\/matthew-thornhill\/","title":{"rendered":"Matthew Thornhill"},"content":{"rendered":"\n<div id=\"mco-b2-hero-block-block_ec9be68b6ee725befadb68cae068990f\" class=\"mco-b2-hero-block full mccberg-block\">\n    <div class=\"mco-b2-hero-block-wrapper\">\n        <div class=\"mco-b2-hero-block-image-section \">\n                            <div class=\"mco-b2-hero-block-image-container \">\n                    <picture >\n\t<source media=\"(max-width: 767px)\" data-srcset=\"https:\/\/www.merck.ca\/fr\/wp-content\/uploads\/sites\/83\/2024\/11\/023_Matthew_full.jpg?w=768\" srcset=\"https:\/\/www.merck.ca\/fr\/wp-content\/uploads\/sites\/83\/2024\/11\/023_Matthew_full.jpg?w=768\" >\n<source media=\"(min-width: 768px) and (max-width: 1199px)\" data-srcset=\"https:\/\/www.merck.ca\/fr\/wp-content\/uploads\/sites\/83\/2024\/11\/023_Matthew_full.jpg?h=768\" srcset=\"https:\/\/www.merck.ca\/fr\/wp-content\/uploads\/sites\/83\/2024\/11\/023_Matthew_full.jpg?h=768\" >\n<source media=\"(min-width: 1200px) and (max-width: 1919px)\" data-srcset=\"https:\/\/www.merck.ca\/fr\/wp-content\/uploads\/sites\/83\/2024\/11\/023_Matthew_full.jpg?w=1200\" srcset=\"https:\/\/www.merck.ca\/fr\/wp-content\/uploads\/sites\/83\/2024\/11\/023_Matthew_full.jpg?w=1200\" >\n<source media=\"(min-width: 1920px)\" data-srcset=\"https:\/\/www.merck.ca\/fr\/wp-content\/uploads\/sites\/83\/2024\/11\/023_Matthew_full.jpg?w=1920\" srcset=\"https:\/\/www.merck.ca\/fr\/wp-content\/uploads\/sites\/83\/2024\/11\/023_Matthew_full.jpg?w=1920\" >\n\t<img data-src=\"https:\/\/www.merck.ca\/fr\/wp-content\/uploads\/sites\/83\/2024\/11\/023_Matthew_full.jpg?w=1920\" alt=\"Matthew Thornhill Thumbnail\" class=\"eager \" loading=\"eager\" \/>\n<\/picture>                                    <\/div>\n                        <div class=\"mco-b2-hero-block-image-container-two\">\n                            <\/div>\n        <\/div>\n\n        <div class=\"mco-b2-hero-block-content-section\">\n            <nav class=\"breadcrumbs wrapper text-descriptive\"aria-label=\"Breadcrumbs\"><\/nav>            \n                            <h1>Matthew Thornhill<\/h1>\n            \n                            <div class=\"mco-b2-hero-block-description\"><p><em>Directeur ex\u00e9cutif, Vaccins<\/em><\/p>\n<\/div>\n            \n                    <\/div>\n    <\/div>\n\n    \n<\/div>\n\n\n\n<p>Contrairement \u00e0 de nombreux professionnels ayant une affinit\u00e9 pour les chiffres, Matthew Thornhill n\u2019a jamais aspir\u00e9 \u00e0 devenir comptable. Il a plut\u00f4t poursuivi un baccalaur\u00e9at en finances et strat\u00e9gie mondiale \u00e0 l\u2019Universit\u00e9 McGill, trouvant sa v\u00e9ritable vocation \u00e0 l\u2019intersection puissante des chiffres et de la strat\u00e9gie.<\/p>\n\n\n\n<p>Avec un vif int\u00e9r\u00eat pour les structures d\u2019entreprise complexes, Matthew a commenc\u00e9 son parcours professionnel dans une organisation multinationale, occupant divers postes financiers \u00e0 Montr\u00e9al et au si\u00e8ge social de l\u2019entreprise \u00e0 Londres, au Royaume-Uni. Au cours de son s\u00e9jour de 12&nbsp;ans, Matthew a obtenu un MBA pour cadres, ce qui lui a permis d\u2019am\u00e9liorer davantage ses capacit\u00e9s strat\u00e9giques, de leadership et d\u2019affaires et de contribuer aux processus d\u00e9cisionnels de l\u2019organisation.<\/p>\n\n\n\n<p>Matthew s\u2019est joint \u00e0 Merck Canada en 2022 en tant que directeur, planification et analyse financi\u00e8res, souhaitant jouer un r\u00f4le pour sauver et am\u00e9liorer la vie des patients. Il a travaill\u00e9 sur plusieurs projets interfonctionnels cl\u00e9s qui ont suscit\u00e9 son int\u00e9r\u00eat pour un r\u00f4le commercial. En novembre 2023, Matthew est devenu directeur ex\u00e9cutif, Vaccins, o\u00f9 il dirige une \u00e9quipe d\u2019innovateurs, unis sous la mission d\u2019aider les Canadiens \u00e0 se prot\u00e9ger contre les maladies.<\/p>\n\n\n\n<p>Matthew donne libre cours \u00e0 sa cr\u00e9ativit\u00e9 en dehors du travail, que ce soit en jouant avec ses deux jeunes enfants ou en concoctant des cr\u00e9ations culinaires pour la famille. Marathonien d\u00e9vou\u00e9, boxeur passionn\u00e9 et joueur de basketball, Matthew si\u00e8ge \u00e9galement au conseil d\u2019administration de Basketball Qu\u00e9bec afin de redonner \u00e0 ce sport qui lui a tant apport\u00e9, notamment la possibilit\u00e9 de suivre des \u00e9tudes universitaires et d\u2019obtenir des honneurs nationaux.<\/p>\n","protected":false},"excerpt":{"rendered":"<p>Contrairement \u00e0 de nombreux professionnels ayant une affinit\u00e9 pour les chiffres, Matthew Thornhill n\u2019a jamais aspir\u00e9 \u00e0 devenir comptable. Il a plut\u00f4t poursuivi un baccalaur\u00e9at en finances et strat\u00e9gie mondiale \u00e0 l\u2019Universit\u00e9 McGill, trouvant sa v\u00e9ritable vocation \u00e0 l\u2019intersection puissante des chiffres et de la strat\u00e9gie. Avec un vif int\u00e9r\u00eat pour les structures d\u2019entreprise complexes, [&hellip;]<\/p>\n","protected":false},"author":1070,"featured_media":0,"parent":5961,"menu_order":0,"comment_status":"closed","ping_status":"closed","template":"","meta":{"_acf_changed":false,"bdl_company_name":[],"bdl_item_external_link":[],"editor_notices":[],"footnotes":""},"class_list":["post-7350","page","type-page","status-publish","hentry"],"yoast_head":"<!-- This site is optimized with the Yoast SEO plugin v21.9.1 - https:\/\/yoast.com\/wordpress\/plugins\/seo\/ -->\n<title>Matthew Thornhill - MCC Canada French<\/title>\n<meta name=\"robots\" content=\"index, follow, max-snippet:-1, max-image-preview:large, max-video-preview:-1\" \/>\n<link rel=\"canonical\" href=\"https:\/\/www.merck.ca\/fr\/apercu-de-lentreprise\/equipe-de-direction\/matthew-thornhill\/\" \/>\n<meta property=\"og:locale\" content=\"en_US\" \/>\n<meta property=\"og:type\" content=\"article\" \/>\n<meta property=\"og:title\" content=\"Matthew Thornhill - MCC Canada French\" \/>\n<meta property=\"og:description\" content=\"Contrairement \u00e0 de nombreux professionnels ayant une affinit\u00e9 pour les chiffres, Matthew Thornhill n\u2019a jamais aspir\u00e9 \u00e0 devenir comptable. Il a plut\u00f4t poursuivi un baccalaur\u00e9at en finances et strat\u00e9gie mondiale \u00e0 l\u2019Universit\u00e9 McGill, trouvant sa v\u00e9ritable vocation \u00e0 l\u2019intersection puissante des chiffres et de la strat\u00e9gie. Avec un vif int\u00e9r\u00eat pour les structures d\u2019entreprise complexes, [&hellip;]\" \/>\n<meta property=\"og:url\" content=\"https:\/\/www.merck.ca\/fr\/apercu-de-lentreprise\/equipe-de-direction\/matthew-thornhill\/\" \/>\n<meta property=\"og:site_name\" content=\"MCC Canada French\" \/>\n<meta property=\"article:modified_time\" content=\"2025-07-21T12:46:59+00:00\" \/>\n<meta name=\"twitter:card\" content=\"summary_large_image\" \/>\n<meta name=\"twitter:label1\" content=\"Est. reading time\" \/>\n\t<meta name=\"twitter:data1\" content=\"2 minutes\" \/>\n<script type=\"application\/ld+json\" class=\"yoast-schema-graph\">{\"@context\":\"https:\/\/schema.org\",\"@graph\":[{\"@type\":\"WebPage\",\"@id\":\"https:\/\/www.merck.ca\/fr\/apercu-de-lentreprise\/equipe-de-direction\/matthew-thornhill\/\",\"url\":\"https:\/\/www.merck.ca\/fr\/apercu-de-lentreprise\/equipe-de-direction\/matthew-thornhill\/\",\"name\":\"Matthew Thornhill - MCC Canada French\",\"isPartOf\":{\"@id\":\"https:\/\/www.merck.ca\/fr\/#website\"},\"datePublished\":\"2024-11-29T20:48:04+00:00\",\"dateModified\":\"2025-07-21T12:46:59+00:00\",\"breadcrumb\":{\"@id\":\"https:\/\/www.merck.ca\/fr\/apercu-de-lentreprise\/equipe-de-direction\/matthew-thornhill\/#breadcrumb\"},\"inLanguage\":\"en-US\",\"potentialAction\":[{\"@type\":\"ReadAction\",\"target\":[\"https:\/\/www.merck.ca\/fr\/apercu-de-lentreprise\/equipe-de-direction\/matthew-thornhill\/\"]}]},{\"@type\":\"BreadcrumbList\",\"@id\":\"https:\/\/www.merck.ca\/fr\/apercu-de-lentreprise\/equipe-de-direction\/matthew-thornhill\/#breadcrumb\",\"itemListElement\":[{\"@type\":\"ListItem\",\"position\":1,\"name\":\"Aper\u00e7u de l\u2019entreprise\",\"item\":\"https:\/\/www.merck.ca\/fr\/apercu-de-lentreprise\/\"},{\"@type\":\"ListItem\",\"position\":2,\"name\":\"\u00c9quipe de direction\",\"item\":\"https:\/\/www.merck.ca\/fr\/apercu-de-lentreprise\/equipe-de-direction\/\"},{\"@type\":\"ListItem\",\"position\":3,\"name\":\"Matthew Thornhill\"}]},{\"@type\":\"WebSite\",\"@id\":\"https:\/\/www.merck.ca\/fr\/#website\",\"url\":\"https:\/\/www.merck.ca\/fr\/\",\"name\":\"MCC Canada French\",\"description\":\"Merck.ca\",\"potentialAction\":[{\"@type\":\"SearchAction\",\"target\":{\"@type\":\"EntryPoint\",\"urlTemplate\":\"https:\/\/www.merck.ca\/fr\/?s={search_term_string}\"},\"query-input\":\"required name=search_term_string\"}],\"inLanguage\":\"en-US\"}]}<\/script>\n<!-- \/ Yoast SEO plugin. -->","yoast_head_json":{"title":"Matthew Thornhill - MCC Canada French","robots":{"index":"index","follow":"follow","max-snippet":"max-snippet:-1","max-image-preview":"max-image-preview:large","max-video-preview":"max-video-preview:-1"},"canonical":"https:\/\/www.merck.ca\/fr\/apercu-de-lentreprise\/equipe-de-direction\/matthew-thornhill\/","og_locale":"en_US","og_type":"article","og_title":"Matthew Thornhill - MCC Canada French","og_description":"Contrairement \u00e0 de nombreux professionnels ayant une affinit\u00e9 pour les chiffres, Matthew Thornhill n\u2019a jamais aspir\u00e9 \u00e0 devenir comptable. Il a plut\u00f4t poursuivi un baccalaur\u00e9at en finances et strat\u00e9gie mondiale \u00e0 l\u2019Universit\u00e9 McGill, trouvant sa v\u00e9ritable vocation \u00e0 l\u2019intersection puissante des chiffres et de la strat\u00e9gie. Avec un vif int\u00e9r\u00eat pour les structures d\u2019entreprise complexes, [&hellip;]","og_url":"https:\/\/www.merck.ca\/fr\/apercu-de-lentreprise\/equipe-de-direction\/matthew-thornhill\/","og_site_name":"MCC Canada French","article_modified_time":"2025-07-21T12:46:59+00:00","twitter_card":"summary_large_image","twitter_misc":{"Est. reading time":"2 minutes"},"schema":{"@context":"https:\/\/schema.org","@graph":[{"@type":"WebPage","@id":"https:\/\/www.merck.ca\/fr\/apercu-de-lentreprise\/equipe-de-direction\/matthew-thornhill\/","url":"https:\/\/www.merck.ca\/fr\/apercu-de-lentreprise\/equipe-de-direction\/matthew-thornhill\/","name":"Matthew Thornhill - MCC Canada French","isPartOf":{"@id":"https:\/\/www.merck.ca\/fr\/#website"},"datePublished":"2024-11-29T20:48:04+00:00","dateModified":"2025-07-21T12:46:59+00:00","breadcrumb":{"@id":"https:\/\/www.merck.ca\/fr\/apercu-de-lentreprise\/equipe-de-direction\/matthew-thornhill\/#breadcrumb"},"inLanguage":"en-US","potentialAction":[{"@type":"ReadAction","target":["https:\/\/www.merck.ca\/fr\/apercu-de-lentreprise\/equipe-de-direction\/matthew-thornhill\/"]}]},{"@type":"BreadcrumbList","@id":"https:\/\/www.merck.ca\/fr\/apercu-de-lentreprise\/equipe-de-direction\/matthew-thornhill\/#breadcrumb","itemListElement":[{"@type":"ListItem","position":1,"name":"Aper\u00e7u de l\u2019entreprise","item":"https:\/\/www.merck.ca\/fr\/apercu-de-lentreprise\/"},{"@type":"ListItem","position":2,"name":"\u00c9quipe de direction","item":"https:\/\/www.merck.ca\/fr\/apercu-de-lentreprise\/equipe-de-direction\/"},{"@type":"ListItem","position":3,"name":"Matthew Thornhill"}]},{"@type":"WebSite","@id":"https:\/\/www.merck.ca\/fr\/#website","url":"https:\/\/www.merck.ca\/fr\/","name":"MCC Canada French","description":"Merck.ca","potentialAction":[{"@type":"SearchAction","target":{"@type":"EntryPoint","urlTemplate":"https:\/\/www.merck.ca\/fr\/?s={search_term_string}"},"query-input":"required name=search_term_string"}],"inLanguage":"en-US"}]}},"acf":[],"_links":{"self":[{"href":"https:\/\/www.merck.ca\/fr\/wp-json\/wp\/v2\/pages\/7350","targetHints":{"allow":["GET"]}}],"collection":[{"href":"https:\/\/www.merck.ca\/fr\/wp-json\/wp\/v2\/pages"}],"about":[{"href":"https:\/\/www.merck.ca\/fr\/wp-json\/wp\/v2\/types\/page"}],"author":[{"embeddable":true,"href":"https:\/\/www.merck.ca\/fr\/wp-json\/wp\/v2\/users\/1070"}],"replies":[{"embeddable":true,"href":"https:\/\/www.merck.ca\/fr\/wp-json\/wp\/v2\/comments?post=7350"}],"version-history":[{"count":5,"href":"https:\/\/www.merck.ca\/fr\/wp-json\/wp\/v2\/pages\/7350\/revisions"}],"predecessor-version":[{"id":7893,"href":"https:\/\/www.merck.ca\/fr\/wp-json\/wp\/v2\/pages\/7350\/revisions\/7893"}],"up":[{"embeddable":true,"href":"https:\/\/www.merck.ca\/fr\/wp-json\/wp\/v2\/pages\/5961"}],"wp:attachment":[{"href":"https:\/\/www.merck.ca\/fr\/wp-json\/wp\/v2\/media?parent=7350"}],"curies":[{"name":"wp","href":"https:\/\/api.w.org\/{rel}","templated":true}]}}

<div id="mco-b2-hero-block-block_ec9be68b6ee725befadb68cae068990f" class="mco-b2-hero-block full mccberg-block">
    <div class="mco-b2-hero-block-wrapper">
        <div class="mco-b2-hero-block-image-section ">
                            <div class="mco-b2-hero-block-image-container ">
                    <picture >
	<source media="(max-width: 767px)" data-srcset="https://www.merck.ca/fr/wp-content/uploads/sites/83/2024/11/023_Matthew_full.jpg?w=768" srcset="https://www.merck.ca/fr/wp-content/uploads/sites/83/2024/11/023_Matthew_full.jpg?w=768" >
<source media="(min-width: 768px) and (max-width: 1199px)" data-srcset="https://www.merck.ca/fr/wp-content/uploads/sites/83/2024/11/023_Matthew_full.jpg?h=768" srcset="https://www.merck.ca/fr/wp-content/uploads/sites/83/2024/11/023_Matthew_full.jpg?h=768" >
<source media="(min-width: 1200px) and (max-width: 1919px)" data-srcset="https://www.merck.ca/fr/wp-content/uploads/sites/83/2024/11/023_Matthew_full.jpg?w=1200" srcset="https://www.merck.ca/fr/wp-content/uploads/sites/83/2024/11/023_Matthew_full.jpg?w=1200" >
<source media="(min-width: 1920px)" data-srcset="https://www.merck.ca/fr/wp-content/uploads/sites/83/2024/11/023_Matthew_full.jpg?w=1920" srcset="https://www.merck.ca/fr/wp-content/uploads/sites/83/2024/11/023_Matthew_full.jpg?w=1920" >
	<img data-src="https://www.merck.ca/fr/wp-content/uploads/sites/83/2024/11/023_Matthew_full.jpg?w=1920" alt="Matthew Thornhill Thumbnail" class="eager " loading="eager" />
</picture>                                    </div>
                        <div class="mco-b2-hero-block-image-container-two">
                            </div>
        </div>

        <div class="mco-b2-hero-block-content-section">
            <nav class="breadcrumbs wrapper text-descriptive"aria-label="Breadcrumbs"></nav>            
                            <h1>Matthew Thornhill</h1>
            
                            <div class="mco-b2-hero-block-description"><p><em>Directeur exécutif, Vaccins</em></p>
</div>
            
                    </div>
    </div>

    
</div>



<p>Contrairement à de nombreux professionnels ayant une affinité pour les chiffres, Matthew Thornhill n’a jamais aspiré à devenir comptable. Il a plutôt poursuivi un baccalauréat en finances et stratégie mondiale à l’Université McGill, trouvant sa véritable vocation à l’intersection puissante des chiffres et de la stratégie.</p>



<p>Avec un vif intérêt pour les structures d’entreprise complexes, Matthew a commencé son parcours professionnel dans une organisation multinationale, occupant divers postes financiers à Montréal et au siège social de l’entreprise à Londres, au Royaume-Uni. Au cours de son séjour de 12&nbsp;ans, Matthew a obtenu un MBA pour cadres, ce qui lui a permis d’améliorer davantage ses capacités stratégiques, de leadership et d’affaires et de contribuer aux processus décisionnels de l’organisation.</p>



<p>Matthew s’est joint à Merck Canada en 2022 en tant que directeur, planification et analyse financières, souhaitant jouer un rôle pour sauver et améliorer la vie des patients. Il a travaillé sur plusieurs projets interfonctionnels clés qui ont suscité son intérêt pour un rôle commercial. En novembre 2023, Matthew est devenu directeur exécutif, Vaccins, où il dirige une équipe d’innovateurs, unis sous la mission d’aider les Canadiens à se protéger contre les maladies.</p>



<p>Matthew donne libre cours à sa créativité en dehors du travail, que ce soit en jouant avec ses deux jeunes enfants ou en concoctant des créations culinaires pour la famille. Marathonien dévoué, boxeur passionné et joueur de basketball, Matthew siège également au conseil d’administration de Basketball Québec afin de redonner à ce sport qui lui a tant apporté, notamment la possibilité de suivre des études universitaires et d’obtenir des honneurs nationaux.</p>

<p>Contrairement à de nombreux professionnels ayant une affinité pour les chiffres, Matthew Thornhill n’a jamais aspiré à devenir comptable. Il a plutôt poursuivi un baccalauréat en finances et stratégie mondiale à l’Université McGill, trouvant sa véritable vocation à l’intersection puissante des chiffres et de la stratégie. Avec un vif intérêt pour les structures d’entreprise complexes, [&hellip;]</p>

<!-- This site is optimized with the Yoast SEO plugin v21.9.1 - https://yoast.com/wordpress/plugins/seo/ -->
<title>Matthew Thornhill - MCC Canada French</title>
<meta name="robots" content="index, follow, max-snippet:-1, max-image-preview:large, max-video-preview:-1" />
<link rel="canonical" href="https://www.merck.ca/fr/apercu-de-lentreprise/equipe-de-direction/matthew-thornhill/" />
<meta property="og:locale" content="en_US" />
<meta property="og:type" content="article" />
<meta property="og:title" content="Matthew Thornhill - MCC Canada French" />
<meta property="og:description" content="Contrairement à de nombreux professionnels ayant une affinité pour les chiffres, Matthew Thornhill n’a jamais aspiré à devenir comptable. Il a plutôt poursuivi un baccalauréat en finances et stratégie mondiale à l’Université McGill, trouvant sa véritable vocation à l’intersection puissante des chiffres et de la stratégie. Avec un vif intérêt pour les structures d’entreprise complexes, [&hellip;]" />
<meta property="og:url" content="https://www.merck.ca/fr/apercu-de-lentreprise/equipe-de-direction/matthew-thornhill/" />
<meta property="og:site_name" content="MCC Canada French" />
<meta property="article:modified_time" content="2025-07-21T12:46:59+00:00" />
<meta name="twitter:card" content="summary_large_image" />
<meta name="twitter:label1" content="Est. reading time" />
	<meta name="twitter:data1" content="2 minutes" />
<script type="application/ld+json" class="yoast-schema-graph">{"@context":"https://schema.org","@graph":[{"@type":"WebPage","@id":"https://www.merck.ca/fr/apercu-de-lentreprise/equipe-de-direction/matthew-thornhill/","url":"https://www.merck.ca/fr/apercu-de-lentreprise/equipe-de-direction/matthew-thornhill/","name":"Matthew Thornhill - MCC Canada French","isPartOf":{"@id":"https://www.merck.ca/fr/#website"},"datePublished":"2024-11-29T20:48:04+00:00","dateModified":"2025-07-21T12:46:59+00:00","breadcrumb":{"@id":"https://www.merck.ca/fr/apercu-de-lentreprise/equipe-de-direction/matthew-thornhill/#breadcrumb"},"inLanguage":"en-US","potentialAction":[{"@type":"ReadAction","target":["https://www.merck.ca/fr/apercu-de-lentreprise/equipe-de-direction/matthew-thornhill/"]}]},{"@type":"BreadcrumbList","@id":"https://www.merck.ca/fr/apercu-de-lentreprise/equipe-de-direction/matthew-thornhill/#breadcrumb","itemListElement":[{"@type":"ListItem","position":1,"name":"Aperçu de l’entreprise","item":"https://www.merck.ca/fr/apercu-de-lentreprise/"},{"@type":"ListItem","position":2,"name":"Équipe de direction","item":"https://www.merck.ca/fr/apercu-de-lentreprise/equipe-de-direction/"},{"@type":"ListItem","position":3,"name":"Matthew Thornhill"}]},{"@type":"WebSite","@id":"https://www.merck.ca/fr/#website","url":"https://www.merck.ca/fr/","name":"MCC Canada French","description":"Merck.ca","potentialAction":[{"@type":"SearchAction","target":{"@type":"EntryPoint","urlTemplate":"https://www.merck.ca/fr/?s={search_term_string}"},"query-input":"required name=search_term_string"}],"inLanguage":"en-US"}]}</script>
<!-- / Yoast SEO plugin. -->

Contrairement à de nombreux professionnels ayant une affinité pour les chiffres, Matthew Thornhill n’a jamais aspiré à devenir comptable. Il a plutôt poursuivi un baccalauréat en finances et stratégie mondiale à l’Université McGill, trouvant sa véritable vocation à l’intersection puissante des chiffres et de la stratégie. Avec un vif intérêt pour les structures d’entreprise complexes, [&hellip;]

Aperçu de l’entreprise

Équipe de direction
