{"id":6046,"date":"2023-10-10T16:18:09","date_gmt":"2023-10-10T16:18:09","guid":{"rendered":"https:\/\/www.merck.ca\/fr\/?page_id=6046"},"modified":"2025-07-21T12:48:39","modified_gmt":"2025-07-21T12:48:39","slug":"marie-claude-lapointe","status":"publish","type":"page","link":"https:\/\/www.merck.ca\/fr\/apercu-de-lentreprise\/equipe-de-direction\/marie-claude-lapointe\/","title":{"rendered":"Marie-Claude Lapointe"},"content":{"rendered":"\n<div id=\"mco-b2-hero-block-block_875bd196d3e5cfcfa6532654cc513d49\" class=\"mco-b2-hero-block full mccberg-block\">\n    <div class=\"mco-b2-hero-block-wrapper\">\n        <div class=\"mco-b2-hero-block-image-section \">\n                            <div class=\"mco-b2-hero-block-image-container \">\n                    <picture >\n\t<source media=\"(max-width: 767px)\" data-srcset=\"https:\/\/www.merck.ca\/fr\/wp-content\/uploads\/sites\/83\/2023\/10\/Marie-Claude-Lapointe-Hero.png?w=768\" srcset=\"https:\/\/www.merck.ca\/fr\/wp-content\/uploads\/sites\/83\/2023\/10\/Marie-Claude-Lapointe-Hero.png?w=768\" >\n<source media=\"(min-width: 768px) and (max-width: 1199px)\" data-srcset=\"https:\/\/www.merck.ca\/fr\/wp-content\/uploads\/sites\/83\/2023\/10\/Marie-Claude-Lapointe-Hero.png?h=768\" srcset=\"https:\/\/www.merck.ca\/fr\/wp-content\/uploads\/sites\/83\/2023\/10\/Marie-Claude-Lapointe-Hero.png?h=768\" >\n<source media=\"(min-width: 1200px) and (max-width: 1919px)\" data-srcset=\"https:\/\/www.merck.ca\/fr\/wp-content\/uploads\/sites\/83\/2023\/10\/Marie-Claude-Lapointe-Hero.png?w=1200\" srcset=\"https:\/\/www.merck.ca\/fr\/wp-content\/uploads\/sites\/83\/2023\/10\/Marie-Claude-Lapointe-Hero.png?w=1200\" >\n<source media=\"(min-width: 1920px)\" data-srcset=\"https:\/\/www.merck.ca\/fr\/wp-content\/uploads\/sites\/83\/2023\/10\/Marie-Claude-Lapointe-Hero.png?w=1920\" srcset=\"https:\/\/www.merck.ca\/fr\/wp-content\/uploads\/sites\/83\/2023\/10\/Marie-Claude-Lapointe-Hero.png?w=1920\" >\n\t<img data-src=\"https:\/\/www.merck.ca\/fr\/wp-content\/uploads\/sites\/83\/2023\/10\/Marie-Claude-Lapointe-Hero.png?w=1920\" alt=\"Marie-Claude-Lapointe\" class=\"eager \" loading=\"eager\" \/>\n<\/picture>                                    <\/div>\n                        <div class=\"mco-b2-hero-block-image-container-two\">\n                            <\/div>\n        <\/div>\n\n        <div class=\"mco-b2-hero-block-content-section\">\n            <nav class=\"breadcrumbs wrapper text-descriptive\"aria-label=\"Breadcrumbs\"><\/nav>            \n                            <h1>Marie-Claude Lapointe<\/h1>\n            \n                            <div class=\"mco-b2-hero-block-description\"><p><em>Directrice ex\u00e9cutive, Ressources humaines<\/em><\/p>\n<\/div>\n            \n                    <\/div>\n    <\/div>\n\n    \n<\/div>\n\n\n\n<p>Marie-Claude&nbsp;Lapointe a toujours cherch\u00e9 des moyens de mobiliser les gens en les aidant \u00e0 trouver leur voie, \u00e0 d\u00e9velopper leurs comp\u00e9tences et \u00e0 jouer un r\u00f4le dans la cr\u00e9ation de milieux positifs et inclusifs. Son propre chemin \u00e9tait donc trac\u00e9 d\u2019avance&nbsp;: elle ferait carri\u00e8re en ressources humaines.&nbsp;<\/p>\n\n\n\n<p>Apr\u00e8s ses \u00e9tudes en gestion des ressources humaines et en relations industrielles, Marie-Claude s\u2019est lanc\u00e9e dans ce domaine o\u00f9 elle exerce depuis 23&nbsp;ans, du Canada au Br\u00e9sil en passant par le Royaume-Uni. Au cours de ses six ann\u00e9es chez Merck&nbsp;Canada, elle a eu la chance de d\u00e9couvrir un nouveau secteur, de mobiliser les employ\u00e9s autour des aspirations inspirantes de l\u2019entreprise et de participer \u00e0 une grande mission&nbsp;: sauver et am\u00e9liorer des vies.&nbsp;<\/p>\n\n\n\n<p>L\u2019int\u00e9r\u00eat de Marie-Claude pour les \u00eatres humains est \u00e9galement manifeste dans sa vie personnelle; le temps qu\u2019elle passe en famille et ses soir\u00e9es entre amis autour d\u2019un bon repas, au son d\u2019une bonne musique, sont sa principale source d\u2019\u00e9nergie.<\/p>\n","protected":false},"excerpt":{"rendered":"<p>Marie-Claude&nbsp;Lapointe a toujours cherch\u00e9 des moyens de mobiliser les gens en les aidant \u00e0 trouver leur voie, \u00e0 d\u00e9velopper leurs comp\u00e9tences et \u00e0 jouer un r\u00f4le dans la cr\u00e9ation de milieux positifs et inclusifs. Son propre chemin \u00e9tait donc trac\u00e9 d\u2019avance&nbsp;: elle ferait carri\u00e8re en ressources humaines.&nbsp; Apr\u00e8s ses \u00e9tudes en gestion des ressources humaines [&hellip;]<\/p>\n","protected":false},"author":138,"featured_media":0,"parent":5961,"menu_order":0,"comment_status":"closed","ping_status":"closed","template":"","meta":{"_acf_changed":false,"bdl_company_name":[],"bdl_item_external_link":[],"editor_notices":[],"footnotes":""},"class_list":["post-6046","page","type-page","status-publish","hentry"],"yoast_head":"<!-- This site is optimized with the Yoast SEO plugin v21.9.1 - https:\/\/yoast.com\/wordpress\/plugins\/seo\/ -->\n<title>Marie-Claude Lapointe - MCC Canada French<\/title>\n<meta name=\"robots\" content=\"index, follow, max-snippet:-1, max-image-preview:large, max-video-preview:-1\" \/>\n<link rel=\"canonical\" href=\"https:\/\/www.merck.ca\/fr\/apercu-de-lentreprise\/equipe-de-direction\/marie-claude-lapointe\/\" \/>\n<meta property=\"og:locale\" content=\"en_US\" \/>\n<meta property=\"og:type\" content=\"article\" \/>\n<meta property=\"og:title\" content=\"Marie-Claude Lapointe - MCC Canada French\" \/>\n<meta property=\"og:description\" content=\"Marie-Claude&nbsp;Lapointe a toujours cherch\u00e9 des moyens de mobiliser les gens en les aidant \u00e0 trouver leur voie, \u00e0 d\u00e9velopper leurs comp\u00e9tences et \u00e0 jouer un r\u00f4le dans la cr\u00e9ation de milieux positifs et inclusifs. Son propre chemin \u00e9tait donc trac\u00e9 d\u2019avance&nbsp;: elle ferait carri\u00e8re en ressources humaines.&nbsp; Apr\u00e8s ses \u00e9tudes en gestion des ressources humaines [&hellip;]\" \/>\n<meta property=\"og:url\" content=\"https:\/\/www.merck.ca\/fr\/apercu-de-lentreprise\/equipe-de-direction\/marie-claude-lapointe\/\" \/>\n<meta property=\"og:site_name\" content=\"MCC Canada French\" \/>\n<meta property=\"article:modified_time\" content=\"2025-07-21T12:48:39+00:00\" \/>\n<meta name=\"twitter:card\" content=\"summary_large_image\" \/>\n<meta name=\"twitter:label1\" content=\"Est. reading time\" \/>\n\t<meta name=\"twitter:data1\" content=\"1 minute\" \/>\n<script type=\"application\/ld+json\" class=\"yoast-schema-graph\">{\"@context\":\"https:\/\/schema.org\",\"@graph\":[{\"@type\":\"WebPage\",\"@id\":\"https:\/\/www.merck.ca\/fr\/apercu-de-lentreprise\/equipe-de-direction\/marie-claude-lapointe\/\",\"url\":\"https:\/\/www.merck.ca\/fr\/apercu-de-lentreprise\/equipe-de-direction\/marie-claude-lapointe\/\",\"name\":\"Marie-Claude Lapointe - MCC Canada French\",\"isPartOf\":{\"@id\":\"https:\/\/www.merck.ca\/fr\/#website\"},\"datePublished\":\"2023-10-10T16:18:09+00:00\",\"dateModified\":\"2025-07-21T12:48:39+00:00\",\"breadcrumb\":{\"@id\":\"https:\/\/www.merck.ca\/fr\/apercu-de-lentreprise\/equipe-de-direction\/marie-claude-lapointe\/#breadcrumb\"},\"inLanguage\":\"en-US\",\"potentialAction\":[{\"@type\":\"ReadAction\",\"target\":[\"https:\/\/www.merck.ca\/fr\/apercu-de-lentreprise\/equipe-de-direction\/marie-claude-lapointe\/\"]}]},{\"@type\":\"BreadcrumbList\",\"@id\":\"https:\/\/www.merck.ca\/fr\/apercu-de-lentreprise\/equipe-de-direction\/marie-claude-lapointe\/#breadcrumb\",\"itemListElement\":[{\"@type\":\"ListItem\",\"position\":1,\"name\":\"Aper\u00e7u de l\u2019entreprise\",\"item\":\"https:\/\/www.merck.ca\/fr\/apercu-de-lentreprise\/\"},{\"@type\":\"ListItem\",\"position\":2,\"name\":\"\u00c9quipe de direction\",\"item\":\"https:\/\/www.merck.ca\/fr\/apercu-de-lentreprise\/equipe-de-direction\/\"},{\"@type\":\"ListItem\",\"position\":3,\"name\":\"Marie-Claude Lapointe\"}]},{\"@type\":\"WebSite\",\"@id\":\"https:\/\/www.merck.ca\/fr\/#website\",\"url\":\"https:\/\/www.merck.ca\/fr\/\",\"name\":\"MCC Canada French\",\"description\":\"Merck.ca\",\"potentialAction\":[{\"@type\":\"SearchAction\",\"target\":{\"@type\":\"EntryPoint\",\"urlTemplate\":\"https:\/\/www.merck.ca\/fr\/?s={search_term_string}\"},\"query-input\":\"required name=search_term_string\"}],\"inLanguage\":\"en-US\"}]}<\/script>\n<!-- \/ Yoast SEO plugin. -->","yoast_head_json":{"title":"Marie-Claude Lapointe - MCC Canada French","robots":{"index":"index","follow":"follow","max-snippet":"max-snippet:-1","max-image-preview":"max-image-preview:large","max-video-preview":"max-video-preview:-1"},"canonical":"https:\/\/www.merck.ca\/fr\/apercu-de-lentreprise\/equipe-de-direction\/marie-claude-lapointe\/","og_locale":"en_US","og_type":"article","og_title":"Marie-Claude Lapointe - MCC Canada French","og_description":"Marie-Claude&nbsp;Lapointe a toujours cherch\u00e9 des moyens de mobiliser les gens en les aidant \u00e0 trouver leur voie, \u00e0 d\u00e9velopper leurs comp\u00e9tences et \u00e0 jouer un r\u00f4le dans la cr\u00e9ation de milieux positifs et inclusifs. Son propre chemin \u00e9tait donc trac\u00e9 d\u2019avance&nbsp;: elle ferait carri\u00e8re en ressources humaines.&nbsp; Apr\u00e8s ses \u00e9tudes en gestion des ressources humaines [&hellip;]","og_url":"https:\/\/www.merck.ca\/fr\/apercu-de-lentreprise\/equipe-de-direction\/marie-claude-lapointe\/","og_site_name":"MCC Canada French","article_modified_time":"2025-07-21T12:48:39+00:00","twitter_card":"summary_large_image","twitter_misc":{"Est. reading time":"1 minute"},"schema":{"@context":"https:\/\/schema.org","@graph":[{"@type":"WebPage","@id":"https:\/\/www.merck.ca\/fr\/apercu-de-lentreprise\/equipe-de-direction\/marie-claude-lapointe\/","url":"https:\/\/www.merck.ca\/fr\/apercu-de-lentreprise\/equipe-de-direction\/marie-claude-lapointe\/","name":"Marie-Claude Lapointe - MCC Canada French","isPartOf":{"@id":"https:\/\/www.merck.ca\/fr\/#website"},"datePublished":"2023-10-10T16:18:09+00:00","dateModified":"2025-07-21T12:48:39+00:00","breadcrumb":{"@id":"https:\/\/www.merck.ca\/fr\/apercu-de-lentreprise\/equipe-de-direction\/marie-claude-lapointe\/#breadcrumb"},"inLanguage":"en-US","potentialAction":[{"@type":"ReadAction","target":["https:\/\/www.merck.ca\/fr\/apercu-de-lentreprise\/equipe-de-direction\/marie-claude-lapointe\/"]}]},{"@type":"BreadcrumbList","@id":"https:\/\/www.merck.ca\/fr\/apercu-de-lentreprise\/equipe-de-direction\/marie-claude-lapointe\/#breadcrumb","itemListElement":[{"@type":"ListItem","position":1,"name":"Aper\u00e7u de l\u2019entreprise","item":"https:\/\/www.merck.ca\/fr\/apercu-de-lentreprise\/"},{"@type":"ListItem","position":2,"name":"\u00c9quipe de direction","item":"https:\/\/www.merck.ca\/fr\/apercu-de-lentreprise\/equipe-de-direction\/"},{"@type":"ListItem","position":3,"name":"Marie-Claude Lapointe"}]},{"@type":"WebSite","@id":"https:\/\/www.merck.ca\/fr\/#website","url":"https:\/\/www.merck.ca\/fr\/","name":"MCC Canada French","description":"Merck.ca","potentialAction":[{"@type":"SearchAction","target":{"@type":"EntryPoint","urlTemplate":"https:\/\/www.merck.ca\/fr\/?s={search_term_string}"},"query-input":"required name=search_term_string"}],"inLanguage":"en-US"}]}},"acf":[],"_links":{"self":[{"href":"https:\/\/www.merck.ca\/fr\/wp-json\/wp\/v2\/pages\/6046","targetHints":{"allow":["GET"]}}],"collection":[{"href":"https:\/\/www.merck.ca\/fr\/wp-json\/wp\/v2\/pages"}],"about":[{"href":"https:\/\/www.merck.ca\/fr\/wp-json\/wp\/v2\/types\/page"}],"author":[{"embeddable":true,"href":"https:\/\/www.merck.ca\/fr\/wp-json\/wp\/v2\/users\/138"}],"replies":[{"embeddable":true,"href":"https:\/\/www.merck.ca\/fr\/wp-json\/wp\/v2\/comments?post=6046"}],"version-history":[{"count":8,"href":"https:\/\/www.merck.ca\/fr\/wp-json\/wp\/v2\/pages\/6046\/revisions"}],"predecessor-version":[{"id":7899,"href":"https:\/\/www.merck.ca\/fr\/wp-json\/wp\/v2\/pages\/6046\/revisions\/7899"}],"up":[{"embeddable":true,"href":"https:\/\/www.merck.ca\/fr\/wp-json\/wp\/v2\/pages\/5961"}],"wp:attachment":[{"href":"https:\/\/www.merck.ca\/fr\/wp-json\/wp\/v2\/media?parent=6046"}],"curies":[{"name":"wp","href":"https:\/\/api.w.org\/{rel}","templated":true}]}}

<div id="mco-b2-hero-block-block_875bd196d3e5cfcfa6532654cc513d49" class="mco-b2-hero-block full mccberg-block">
    <div class="mco-b2-hero-block-wrapper">
        <div class="mco-b2-hero-block-image-section ">
                            <div class="mco-b2-hero-block-image-container ">
                    <picture >
	<source media="(max-width: 767px)" data-srcset="https://www.merck.ca/fr/wp-content/uploads/sites/83/2023/10/Marie-Claude-Lapointe-Hero.png?w=768" srcset="https://www.merck.ca/fr/wp-content/uploads/sites/83/2023/10/Marie-Claude-Lapointe-Hero.png?w=768" >
<source media="(min-width: 768px) and (max-width: 1199px)" data-srcset="https://www.merck.ca/fr/wp-content/uploads/sites/83/2023/10/Marie-Claude-Lapointe-Hero.png?h=768" srcset="https://www.merck.ca/fr/wp-content/uploads/sites/83/2023/10/Marie-Claude-Lapointe-Hero.png?h=768" >
<source media="(min-width: 1200px) and (max-width: 1919px)" data-srcset="https://www.merck.ca/fr/wp-content/uploads/sites/83/2023/10/Marie-Claude-Lapointe-Hero.png?w=1200" srcset="https://www.merck.ca/fr/wp-content/uploads/sites/83/2023/10/Marie-Claude-Lapointe-Hero.png?w=1200" >
<source media="(min-width: 1920px)" data-srcset="https://www.merck.ca/fr/wp-content/uploads/sites/83/2023/10/Marie-Claude-Lapointe-Hero.png?w=1920" srcset="https://www.merck.ca/fr/wp-content/uploads/sites/83/2023/10/Marie-Claude-Lapointe-Hero.png?w=1920" >
	<img data-src="https://www.merck.ca/fr/wp-content/uploads/sites/83/2023/10/Marie-Claude-Lapointe-Hero.png?w=1920" alt="Marie-Claude-Lapointe" class="eager " loading="eager" />
</picture>                                    </div>
                        <div class="mco-b2-hero-block-image-container-two">
                            </div>
        </div>

        <div class="mco-b2-hero-block-content-section">
            <nav class="breadcrumbs wrapper text-descriptive"aria-label="Breadcrumbs"></nav>            
                            <h1>Marie-Claude Lapointe</h1>
            
                            <div class="mco-b2-hero-block-description"><p><em>Directrice exécutive, Ressources humaines</em></p>
</div>
            
                    </div>
    </div>

    
</div>



<p>Marie-Claude&nbsp;Lapointe a toujours cherché des moyens de mobiliser les gens en les aidant à trouver leur voie, à développer leurs compétences et à jouer un rôle dans la création de milieux positifs et inclusifs. Son propre chemin était donc tracé d’avance&nbsp;: elle ferait carrière en ressources humaines.&nbsp;</p>



<p>Après ses études en gestion des ressources humaines et en relations industrielles, Marie-Claude s’est lancée dans ce domaine où elle exerce depuis 23&nbsp;ans, du Canada au Brésil en passant par le Royaume-Uni. Au cours de ses six années chez Merck&nbsp;Canada, elle a eu la chance de découvrir un nouveau secteur, de mobiliser les employés autour des aspirations inspirantes de l’entreprise et de participer à une grande mission&nbsp;: sauver et améliorer des vies.&nbsp;</p>



<p>L’intérêt de Marie-Claude pour les êtres humains est également manifeste dans sa vie personnelle; le temps qu’elle passe en famille et ses soirées entre amis autour d’un bon repas, au son d’une bonne musique, sont sa principale source d’énergie.</p>

<p>Marie-Claude&nbsp;Lapointe a toujours cherché des moyens de mobiliser les gens en les aidant à trouver leur voie, à développer leurs compétences et à jouer un rôle dans la création de milieux positifs et inclusifs. Son propre chemin était donc tracé d’avance&nbsp;: elle ferait carrière en ressources humaines.&nbsp; Après ses études en gestion des ressources humaines [&hellip;]</p>

<!-- This site is optimized with the Yoast SEO plugin v21.9.1 - https://yoast.com/wordpress/plugins/seo/ -->
<title>Marie-Claude Lapointe - MCC Canada French</title>
<meta name="robots" content="index, follow, max-snippet:-1, max-image-preview:large, max-video-preview:-1" />
<link rel="canonical" href="https://www.merck.ca/fr/apercu-de-lentreprise/equipe-de-direction/marie-claude-lapointe/" />
<meta property="og:locale" content="en_US" />
<meta property="og:type" content="article" />
<meta property="og:title" content="Marie-Claude Lapointe - MCC Canada French" />
<meta property="og:description" content="Marie-Claude&nbsp;Lapointe a toujours cherché des moyens de mobiliser les gens en les aidant à trouver leur voie, à développer leurs compétences et à jouer un rôle dans la création de milieux positifs et inclusifs. Son propre chemin était donc tracé d’avance&nbsp;: elle ferait carrière en ressources humaines.&nbsp; Après ses études en gestion des ressources humaines [&hellip;]" />
<meta property="og:url" content="https://www.merck.ca/fr/apercu-de-lentreprise/equipe-de-direction/marie-claude-lapointe/" />
<meta property="og:site_name" content="MCC Canada French" />
<meta property="article:modified_time" content="2025-07-21T12:48:39+00:00" />
<meta name="twitter:card" content="summary_large_image" />
<meta name="twitter:label1" content="Est. reading time" />
	<meta name="twitter:data1" content="1 minute" />
<script type="application/ld+json" class="yoast-schema-graph">{"@context":"https://schema.org","@graph":[{"@type":"WebPage","@id":"https://www.merck.ca/fr/apercu-de-lentreprise/equipe-de-direction/marie-claude-lapointe/","url":"https://www.merck.ca/fr/apercu-de-lentreprise/equipe-de-direction/marie-claude-lapointe/","name":"Marie-Claude Lapointe - MCC Canada French","isPartOf":{"@id":"https://www.merck.ca/fr/#website"},"datePublished":"2023-10-10T16:18:09+00:00","dateModified":"2025-07-21T12:48:39+00:00","breadcrumb":{"@id":"https://www.merck.ca/fr/apercu-de-lentreprise/equipe-de-direction/marie-claude-lapointe/#breadcrumb"},"inLanguage":"en-US","potentialAction":[{"@type":"ReadAction","target":["https://www.merck.ca/fr/apercu-de-lentreprise/equipe-de-direction/marie-claude-lapointe/"]}]},{"@type":"BreadcrumbList","@id":"https://www.merck.ca/fr/apercu-de-lentreprise/equipe-de-direction/marie-claude-lapointe/#breadcrumb","itemListElement":[{"@type":"ListItem","position":1,"name":"Aperçu de l’entreprise","item":"https://www.merck.ca/fr/apercu-de-lentreprise/"},{"@type":"ListItem","position":2,"name":"Équipe de direction","item":"https://www.merck.ca/fr/apercu-de-lentreprise/equipe-de-direction/"},{"@type":"ListItem","position":3,"name":"Marie-Claude Lapointe"}]},{"@type":"WebSite","@id":"https://www.merck.ca/fr/#website","url":"https://www.merck.ca/fr/","name":"MCC Canada French","description":"Merck.ca","potentialAction":[{"@type":"SearchAction","target":{"@type":"EntryPoint","urlTemplate":"https://www.merck.ca/fr/?s={search_term_string}"},"query-input":"required name=search_term_string"}],"inLanguage":"en-US"}]}</script>
<!-- / Yoast SEO plugin. -->

Marie-Claude&nbsp;Lapointe a toujours cherché des moyens de mobiliser les gens en les aidant à trouver leur voie, à développer leurs compétences et à jouer un rôle dans la création de milieux positifs et inclusifs. Son propre chemin était donc tracé d’avance&nbsp;: elle ferait carrière en ressources humaines.&nbsp; Après ses études en gestion des ressources humaines [&hellip;]

Aperçu de l’entreprise

Équipe de direction
