{"id":6029,"date":"2023-10-10T16:13:29","date_gmt":"2023-10-10T16:13:29","guid":{"rendered":"https:\/\/www.merck.ca\/fr\/?page_id=6029"},"modified":"2025-07-21T12:50:29","modified_gmt":"2025-07-21T12:50:29","slug":"victor-fu","status":"publish","type":"page","link":"https:\/\/www.merck.ca\/fr\/apercu-de-lentreprise\/equipe-de-direction\/victor-fu\/","title":{"rendered":"Victor Fu"},"content":{"rendered":"\n<div id=\"mco-b2-hero-block-block_3797b56590df2057b3fa67f416562cc7\" class=\"mco-b2-hero-block full mccberg-block\">\n    <div class=\"mco-b2-hero-block-wrapper\">\n        <div class=\"mco-b2-hero-block-image-section \">\n                            <div class=\"mco-b2-hero-block-image-container \">\n                    <picture >\n\t<source media=\"(max-width: 767px)\" data-srcset=\"https:\/\/www.merck.ca\/fr\/wp-content\/uploads\/sites\/83\/2023\/10\/Victor-Fu-FINAL-e1687551568141.png?w=768\" srcset=\"https:\/\/www.merck.ca\/fr\/wp-content\/uploads\/sites\/83\/2023\/10\/Victor-Fu-FINAL-e1687551568141.png?w=768\" >\n<source media=\"(min-width: 768px) and (max-width: 1199px)\" data-srcset=\"https:\/\/www.merck.ca\/fr\/wp-content\/uploads\/sites\/83\/2023\/10\/Victor-Fu-FINAL-e1687551568141.png?h=768\" srcset=\"https:\/\/www.merck.ca\/fr\/wp-content\/uploads\/sites\/83\/2023\/10\/Victor-Fu-FINAL-e1687551568141.png?h=768\" >\n<source media=\"(min-width: 1200px) and (max-width: 1919px)\" data-srcset=\"https:\/\/www.merck.ca\/fr\/wp-content\/uploads\/sites\/83\/2023\/10\/Victor-Fu-FINAL-e1687551568141.png?w=1200\" srcset=\"https:\/\/www.merck.ca\/fr\/wp-content\/uploads\/sites\/83\/2023\/10\/Victor-Fu-FINAL-e1687551568141.png?w=1200\" >\n<source media=\"(min-width: 1920px)\" data-srcset=\"https:\/\/www.merck.ca\/fr\/wp-content\/uploads\/sites\/83\/2023\/10\/Victor-Fu-FINAL-e1687551568141.png?w=1920\" srcset=\"https:\/\/www.merck.ca\/fr\/wp-content\/uploads\/sites\/83\/2023\/10\/Victor-Fu-FINAL-e1687551568141.png?w=1920\" >\n\t<img data-src=\"https:\/\/www.merck.ca\/fr\/wp-content\/uploads\/sites\/83\/2023\/10\/Victor-Fu-FINAL-e1687551568141.png?w=1920\" alt=\"Victor-Fu\" class=\"eager \" loading=\"eager\" \/>\n<\/picture>                                    <\/div>\n                        <div class=\"mco-b2-hero-block-image-container-two\">\n                            <\/div>\n        <\/div>\n\n        <div class=\"mco-b2-hero-block-content-section\">\n            <nav class=\"breadcrumbs wrapper text-descriptive\"aria-label=\"Breadcrumbs\"><\/nav>            \n                            <h1>Victor Fu<\/h1>\n            \n                            <div class=\"mco-b2-hero-block-description\"><p><em>Chef, TI<\/em><\/p>\n<\/div>\n            \n                    <\/div>\n    <\/div>\n\n    \n<\/div>\n\n\n\n<p>Victor&nbsp;Fu g\u00e8re sa carri\u00e8re et sa vie personnelle de la m\u00eame fa\u00e7on&nbsp;: en visant toujours plus haut. Voil\u00e0 ce qui l\u2019a conduit vers des \u00e9tudes en sciences de la sant\u00e9 au coll\u00e8ge puis en informatique \u00e0 l\u2019universit\u00e9.<\/p>\n\n\n\n<p>Apr\u00e8s avoir obtenu son baccalaur\u00e9at en sciences, Victor a rejoint l\u2019\u00e9quipe des technologies de l\u2019information chez Merck&nbsp;Canada. Au cours des 19&nbsp;ann\u00e9es suivantes, Victor a constamment cherch\u00e9 \u00e0 sortir de sa zone de confort en int\u00e9grant diverses \u00e9quipes, dont l\u2019\u00e9quipe responsable des pr\u00e9visions, des ventes, de la commercialisation, de l\u2019\u00e9conomie de la sant\u00e9 et de l\u2019acc\u00e8s au march\u00e9. Il est maintenant chef des technologies de l\u2019information au Canada, o\u00f9 il tire parti de ses vastes connaissances sur l\u2019entreprise pour diriger une \u00e9quipe passionn\u00e9e et motiv\u00e9e. Tout au long de sa carri\u00e8re chez Merck, Victor s\u2019est concentr\u00e9 sur son d\u00e9veloppement professionnel, mais aussi sur celui de ses coll\u00e8gues en les encadrant activement.<\/p>\n\n\n\n<p>Dans ses temps libres, Victor repousse toujours autant ses limites en pratiquant des activit\u00e9s familiales, comme le soccer, la randonn\u00e9e et la course.<\/p>\n","protected":false},"excerpt":{"rendered":"<p>Victor&nbsp;Fu g\u00e8re sa carri\u00e8re et sa vie personnelle de la m\u00eame fa\u00e7on&nbsp;: en visant toujours plus haut. Voil\u00e0 ce qui l\u2019a conduit vers des \u00e9tudes en sciences de la sant\u00e9 au coll\u00e8ge puis en informatique \u00e0 l\u2019universit\u00e9. Apr\u00e8s avoir obtenu son baccalaur\u00e9at en sciences, Victor a rejoint l\u2019\u00e9quipe des technologies de l\u2019information chez Merck&nbsp;Canada. Au [&hellip;]<\/p>\n","protected":false},"author":138,"featured_media":0,"parent":5961,"menu_order":0,"comment_status":"closed","ping_status":"closed","template":"","meta":{"_acf_changed":false,"bdl_company_name":[],"bdl_item_external_link":[],"editor_notices":[],"footnotes":""},"class_list":["post-6029","page","type-page","status-publish","hentry"],"yoast_head":"<!-- This site is optimized with the Yoast SEO plugin v21.9.1 - https:\/\/yoast.com\/wordpress\/plugins\/seo\/ -->\n<title>Victor Fu - MCC Canada French<\/title>\n<meta name=\"robots\" content=\"index, follow, max-snippet:-1, max-image-preview:large, max-video-preview:-1\" \/>\n<link rel=\"canonical\" href=\"https:\/\/www.merck.ca\/fr\/apercu-de-lentreprise\/equipe-de-direction\/victor-fu\/\" \/>\n<meta property=\"og:locale\" content=\"en_US\" \/>\n<meta property=\"og:type\" content=\"article\" \/>\n<meta property=\"og:title\" content=\"Victor Fu - MCC Canada French\" \/>\n<meta property=\"og:description\" content=\"Victor&nbsp;Fu g\u00e8re sa carri\u00e8re et sa vie personnelle de la m\u00eame fa\u00e7on&nbsp;: en visant toujours plus haut. Voil\u00e0 ce qui l\u2019a conduit vers des \u00e9tudes en sciences de la sant\u00e9 au coll\u00e8ge puis en informatique \u00e0 l\u2019universit\u00e9. Apr\u00e8s avoir obtenu son baccalaur\u00e9at en sciences, Victor a rejoint l\u2019\u00e9quipe des technologies de l\u2019information chez Merck&nbsp;Canada. Au [&hellip;]\" \/>\n<meta property=\"og:url\" content=\"https:\/\/www.merck.ca\/fr\/apercu-de-lentreprise\/equipe-de-direction\/victor-fu\/\" \/>\n<meta property=\"og:site_name\" content=\"MCC Canada French\" \/>\n<meta property=\"article:modified_time\" content=\"2025-07-21T12:50:29+00:00\" \/>\n<meta name=\"twitter:card\" content=\"summary_large_image\" \/>\n<meta name=\"twitter:label1\" content=\"Est. reading time\" \/>\n\t<meta name=\"twitter:data1\" content=\"1 minute\" \/>\n<script type=\"application\/ld+json\" class=\"yoast-schema-graph\">{\"@context\":\"https:\/\/schema.org\",\"@graph\":[{\"@type\":\"WebPage\",\"@id\":\"https:\/\/www.merck.ca\/fr\/apercu-de-lentreprise\/equipe-de-direction\/victor-fu\/\",\"url\":\"https:\/\/www.merck.ca\/fr\/apercu-de-lentreprise\/equipe-de-direction\/victor-fu\/\",\"name\":\"Victor Fu - MCC Canada French\",\"isPartOf\":{\"@id\":\"https:\/\/www.merck.ca\/fr\/#website\"},\"datePublished\":\"2023-10-10T16:13:29+00:00\",\"dateModified\":\"2025-07-21T12:50:29+00:00\",\"breadcrumb\":{\"@id\":\"https:\/\/www.merck.ca\/fr\/apercu-de-lentreprise\/equipe-de-direction\/victor-fu\/#breadcrumb\"},\"inLanguage\":\"en-US\",\"potentialAction\":[{\"@type\":\"ReadAction\",\"target\":[\"https:\/\/www.merck.ca\/fr\/apercu-de-lentreprise\/equipe-de-direction\/victor-fu\/\"]}]},{\"@type\":\"BreadcrumbList\",\"@id\":\"https:\/\/www.merck.ca\/fr\/apercu-de-lentreprise\/equipe-de-direction\/victor-fu\/#breadcrumb\",\"itemListElement\":[{\"@type\":\"ListItem\",\"position\":1,\"name\":\"Aper\u00e7u de l\u2019entreprise\",\"item\":\"https:\/\/www.merck.ca\/fr\/apercu-de-lentreprise\/\"},{\"@type\":\"ListItem\",\"position\":2,\"name\":\"\u00c9quipe de direction\",\"item\":\"https:\/\/www.merck.ca\/fr\/apercu-de-lentreprise\/equipe-de-direction\/\"},{\"@type\":\"ListItem\",\"position\":3,\"name\":\"Victor Fu\"}]},{\"@type\":\"WebSite\",\"@id\":\"https:\/\/www.merck.ca\/fr\/#website\",\"url\":\"https:\/\/www.merck.ca\/fr\/\",\"name\":\"MCC Canada French\",\"description\":\"Merck.ca\",\"potentialAction\":[{\"@type\":\"SearchAction\",\"target\":{\"@type\":\"EntryPoint\",\"urlTemplate\":\"https:\/\/www.merck.ca\/fr\/?s={search_term_string}\"},\"query-input\":\"required name=search_term_string\"}],\"inLanguage\":\"en-US\"}]}<\/script>\n<!-- \/ Yoast SEO plugin. -->","yoast_head_json":{"title":"Victor Fu - MCC Canada French","robots":{"index":"index","follow":"follow","max-snippet":"max-snippet:-1","max-image-preview":"max-image-preview:large","max-video-preview":"max-video-preview:-1"},"canonical":"https:\/\/www.merck.ca\/fr\/apercu-de-lentreprise\/equipe-de-direction\/victor-fu\/","og_locale":"en_US","og_type":"article","og_title":"Victor Fu - MCC Canada French","og_description":"Victor&nbsp;Fu g\u00e8re sa carri\u00e8re et sa vie personnelle de la m\u00eame fa\u00e7on&nbsp;: en visant toujours plus haut. Voil\u00e0 ce qui l\u2019a conduit vers des \u00e9tudes en sciences de la sant\u00e9 au coll\u00e8ge puis en informatique \u00e0 l\u2019universit\u00e9. Apr\u00e8s avoir obtenu son baccalaur\u00e9at en sciences, Victor a rejoint l\u2019\u00e9quipe des technologies de l\u2019information chez Merck&nbsp;Canada. Au [&hellip;]","og_url":"https:\/\/www.merck.ca\/fr\/apercu-de-lentreprise\/equipe-de-direction\/victor-fu\/","og_site_name":"MCC Canada French","article_modified_time":"2025-07-21T12:50:29+00:00","twitter_card":"summary_large_image","twitter_misc":{"Est. reading time":"1 minute"},"schema":{"@context":"https:\/\/schema.org","@graph":[{"@type":"WebPage","@id":"https:\/\/www.merck.ca\/fr\/apercu-de-lentreprise\/equipe-de-direction\/victor-fu\/","url":"https:\/\/www.merck.ca\/fr\/apercu-de-lentreprise\/equipe-de-direction\/victor-fu\/","name":"Victor Fu - MCC Canada French","isPartOf":{"@id":"https:\/\/www.merck.ca\/fr\/#website"},"datePublished":"2023-10-10T16:13:29+00:00","dateModified":"2025-07-21T12:50:29+00:00","breadcrumb":{"@id":"https:\/\/www.merck.ca\/fr\/apercu-de-lentreprise\/equipe-de-direction\/victor-fu\/#breadcrumb"},"inLanguage":"en-US","potentialAction":[{"@type":"ReadAction","target":["https:\/\/www.merck.ca\/fr\/apercu-de-lentreprise\/equipe-de-direction\/victor-fu\/"]}]},{"@type":"BreadcrumbList","@id":"https:\/\/www.merck.ca\/fr\/apercu-de-lentreprise\/equipe-de-direction\/victor-fu\/#breadcrumb","itemListElement":[{"@type":"ListItem","position":1,"name":"Aper\u00e7u de l\u2019entreprise","item":"https:\/\/www.merck.ca\/fr\/apercu-de-lentreprise\/"},{"@type":"ListItem","position":2,"name":"\u00c9quipe de direction","item":"https:\/\/www.merck.ca\/fr\/apercu-de-lentreprise\/equipe-de-direction\/"},{"@type":"ListItem","position":3,"name":"Victor Fu"}]},{"@type":"WebSite","@id":"https:\/\/www.merck.ca\/fr\/#website","url":"https:\/\/www.merck.ca\/fr\/","name":"MCC Canada French","description":"Merck.ca","potentialAction":[{"@type":"SearchAction","target":{"@type":"EntryPoint","urlTemplate":"https:\/\/www.merck.ca\/fr\/?s={search_term_string}"},"query-input":"required name=search_term_string"}],"inLanguage":"en-US"}]}},"acf":[],"_links":{"self":[{"href":"https:\/\/www.merck.ca\/fr\/wp-json\/wp\/v2\/pages\/6029","targetHints":{"allow":["GET"]}}],"collection":[{"href":"https:\/\/www.merck.ca\/fr\/wp-json\/wp\/v2\/pages"}],"about":[{"href":"https:\/\/www.merck.ca\/fr\/wp-json\/wp\/v2\/types\/page"}],"author":[{"embeddable":true,"href":"https:\/\/www.merck.ca\/fr\/wp-json\/wp\/v2\/users\/138"}],"replies":[{"embeddable":true,"href":"https:\/\/www.merck.ca\/fr\/wp-json\/wp\/v2\/comments?post=6029"}],"version-history":[{"count":11,"href":"https:\/\/www.merck.ca\/fr\/wp-json\/wp\/v2\/pages\/6029\/revisions"}],"predecessor-version":[{"id":7907,"href":"https:\/\/www.merck.ca\/fr\/wp-json\/wp\/v2\/pages\/6029\/revisions\/7907"}],"up":[{"embeddable":true,"href":"https:\/\/www.merck.ca\/fr\/wp-json\/wp\/v2\/pages\/5961"}],"wp:attachment":[{"href":"https:\/\/www.merck.ca\/fr\/wp-json\/wp\/v2\/media?parent=6029"}],"curies":[{"name":"wp","href":"https:\/\/api.w.org\/{rel}","templated":true}]}}

<div id="mco-b2-hero-block-block_3797b56590df2057b3fa67f416562cc7" class="mco-b2-hero-block full mccberg-block">
    <div class="mco-b2-hero-block-wrapper">
        <div class="mco-b2-hero-block-image-section ">
                            <div class="mco-b2-hero-block-image-container ">
                    <picture >
	<source media="(max-width: 767px)" data-srcset="https://www.merck.ca/fr/wp-content/uploads/sites/83/2023/10/Victor-Fu-FINAL-e1687551568141.png?w=768" srcset="https://www.merck.ca/fr/wp-content/uploads/sites/83/2023/10/Victor-Fu-FINAL-e1687551568141.png?w=768" >
<source media="(min-width: 768px) and (max-width: 1199px)" data-srcset="https://www.merck.ca/fr/wp-content/uploads/sites/83/2023/10/Victor-Fu-FINAL-e1687551568141.png?h=768" srcset="https://www.merck.ca/fr/wp-content/uploads/sites/83/2023/10/Victor-Fu-FINAL-e1687551568141.png?h=768" >
<source media="(min-width: 1200px) and (max-width: 1919px)" data-srcset="https://www.merck.ca/fr/wp-content/uploads/sites/83/2023/10/Victor-Fu-FINAL-e1687551568141.png?w=1200" srcset="https://www.merck.ca/fr/wp-content/uploads/sites/83/2023/10/Victor-Fu-FINAL-e1687551568141.png?w=1200" >
<source media="(min-width: 1920px)" data-srcset="https://www.merck.ca/fr/wp-content/uploads/sites/83/2023/10/Victor-Fu-FINAL-e1687551568141.png?w=1920" srcset="https://www.merck.ca/fr/wp-content/uploads/sites/83/2023/10/Victor-Fu-FINAL-e1687551568141.png?w=1920" >
	<img data-src="https://www.merck.ca/fr/wp-content/uploads/sites/83/2023/10/Victor-Fu-FINAL-e1687551568141.png?w=1920" alt="Victor-Fu" class="eager " loading="eager" />
</picture>                                    </div>
                        <div class="mco-b2-hero-block-image-container-two">
                            </div>
        </div>

        <div class="mco-b2-hero-block-content-section">
            <nav class="breadcrumbs wrapper text-descriptive"aria-label="Breadcrumbs"></nav>            
                            <h1>Victor Fu</h1>
            
                            <div class="mco-b2-hero-block-description"><p><em>Chef, TI</em></p>
</div>
            
                    </div>
    </div>

    
</div>



<p>Victor&nbsp;Fu gère sa carrière et sa vie personnelle de la même façon&nbsp;: en visant toujours plus haut. Voilà ce qui l’a conduit vers des études en sciences de la santé au collège puis en informatique à l’université.</p>



<p>Après avoir obtenu son baccalauréat en sciences, Victor a rejoint l’équipe des technologies de l’information chez Merck&nbsp;Canada. Au cours des 19&nbsp;années suivantes, Victor a constamment cherché à sortir de sa zone de confort en intégrant diverses équipes, dont l’équipe responsable des prévisions, des ventes, de la commercialisation, de l’économie de la santé et de l’accès au marché. Il est maintenant chef des technologies de l’information au Canada, où il tire parti de ses vastes connaissances sur l’entreprise pour diriger une équipe passionnée et motivée. Tout au long de sa carrière chez Merck, Victor s’est concentré sur son développement professionnel, mais aussi sur celui de ses collègues en les encadrant activement.</p>



<p>Dans ses temps libres, Victor repousse toujours autant ses limites en pratiquant des activités familiales, comme le soccer, la randonnée et la course.</p>

<p>Victor&nbsp;Fu gère sa carrière et sa vie personnelle de la même façon&nbsp;: en visant toujours plus haut. Voilà ce qui l’a conduit vers des études en sciences de la santé au collège puis en informatique à l’université. Après avoir obtenu son baccalauréat en sciences, Victor a rejoint l’équipe des technologies de l’information chez Merck&nbsp;Canada. Au [&hellip;]</p>

<!-- This site is optimized with the Yoast SEO plugin v21.9.1 - https://yoast.com/wordpress/plugins/seo/ -->
<title>Victor Fu - MCC Canada French</title>
<meta name="robots" content="index, follow, max-snippet:-1, max-image-preview:large, max-video-preview:-1" />
<link rel="canonical" href="https://www.merck.ca/fr/apercu-de-lentreprise/equipe-de-direction/victor-fu/" />
<meta property="og:locale" content="en_US" />
<meta property="og:type" content="article" />
<meta property="og:title" content="Victor Fu - MCC Canada French" />
<meta property="og:description" content="Victor&nbsp;Fu gère sa carrière et sa vie personnelle de la même façon&nbsp;: en visant toujours plus haut. Voilà ce qui l’a conduit vers des études en sciences de la santé au collège puis en informatique à l’université. Après avoir obtenu son baccalauréat en sciences, Victor a rejoint l’équipe des technologies de l’information chez Merck&nbsp;Canada. Au [&hellip;]" />
<meta property="og:url" content="https://www.merck.ca/fr/apercu-de-lentreprise/equipe-de-direction/victor-fu/" />
<meta property="og:site_name" content="MCC Canada French" />
<meta property="article:modified_time" content="2025-07-21T12:50:29+00:00" />
<meta name="twitter:card" content="summary_large_image" />
<meta name="twitter:label1" content="Est. reading time" />
	<meta name="twitter:data1" content="1 minute" />
<script type="application/ld+json" class="yoast-schema-graph">{"@context":"https://schema.org","@graph":[{"@type":"WebPage","@id":"https://www.merck.ca/fr/apercu-de-lentreprise/equipe-de-direction/victor-fu/","url":"https://www.merck.ca/fr/apercu-de-lentreprise/equipe-de-direction/victor-fu/","name":"Victor Fu - MCC Canada French","isPartOf":{"@id":"https://www.merck.ca/fr/#website"},"datePublished":"2023-10-10T16:13:29+00:00","dateModified":"2025-07-21T12:50:29+00:00","breadcrumb":{"@id":"https://www.merck.ca/fr/apercu-de-lentreprise/equipe-de-direction/victor-fu/#breadcrumb"},"inLanguage":"en-US","potentialAction":[{"@type":"ReadAction","target":["https://www.merck.ca/fr/apercu-de-lentreprise/equipe-de-direction/victor-fu/"]}]},{"@type":"BreadcrumbList","@id":"https://www.merck.ca/fr/apercu-de-lentreprise/equipe-de-direction/victor-fu/#breadcrumb","itemListElement":[{"@type":"ListItem","position":1,"name":"Aperçu de l’entreprise","item":"https://www.merck.ca/fr/apercu-de-lentreprise/"},{"@type":"ListItem","position":2,"name":"Équipe de direction","item":"https://www.merck.ca/fr/apercu-de-lentreprise/equipe-de-direction/"},{"@type":"ListItem","position":3,"name":"Victor Fu"}]},{"@type":"WebSite","@id":"https://www.merck.ca/fr/#website","url":"https://www.merck.ca/fr/","name":"MCC Canada French","description":"Merck.ca","potentialAction":[{"@type":"SearchAction","target":{"@type":"EntryPoint","urlTemplate":"https://www.merck.ca/fr/?s={search_term_string}"},"query-input":"required name=search_term_string"}],"inLanguage":"en-US"}]}</script>
<!-- / Yoast SEO plugin. -->

Victor&nbsp;Fu gère sa carrière et sa vie personnelle de la même façon&nbsp;: en visant toujours plus haut. Voilà ce qui l’a conduit vers des études en sciences de la santé au collège puis en informatique à l’université. Après avoir obtenu son baccalauréat en sciences, Victor a rejoint l’équipe des technologies de l’information chez Merck&nbsp;Canada. Au [&hellip;]

Aperçu de l’entreprise

Équipe de direction
