{"id":6028,"date":"2023-10-10T16:11:52","date_gmt":"2023-10-10T16:11:52","guid":{"rendered":"https:\/\/www.merck.ca\/fr\/?page_id=6028"},"modified":"2025-07-21T12:50:44","modified_gmt":"2025-07-21T12:50:44","slug":"gretty-deutsch","status":"publish","type":"page","link":"https:\/\/www.merck.ca\/fr\/apercu-de-lentreprise\/equipe-de-direction\/gretty-deutsch\/","title":{"rendered":"Gretty Deutsch"},"content":{"rendered":"\n<div id=\"mco-b2-hero-block-block_e5dd376988178052716f449b619a093d\" class=\"mco-b2-hero-block full mccberg-block\">\n    <div class=\"mco-b2-hero-block-wrapper\">\n        <div class=\"mco-b2-hero-block-image-section \">\n                            <div class=\"mco-b2-hero-block-image-container \">\n                    <picture >\n\t<source media=\"(max-width: 767px)\" data-srcset=\"https:\/\/www.merck.ca\/fr\/wp-content\/uploads\/sites\/83\/2023\/10\/Gretty-Deustch-FINAL.png?w=768\" srcset=\"https:\/\/www.merck.ca\/fr\/wp-content\/uploads\/sites\/83\/2023\/10\/Gretty-Deustch-FINAL.png?w=768\" >\n<source media=\"(min-width: 768px) and (max-width: 1199px)\" data-srcset=\"https:\/\/www.merck.ca\/fr\/wp-content\/uploads\/sites\/83\/2023\/10\/Gretty-Deustch-FINAL.png?h=768\" srcset=\"https:\/\/www.merck.ca\/fr\/wp-content\/uploads\/sites\/83\/2023\/10\/Gretty-Deustch-FINAL.png?h=768\" >\n<source media=\"(min-width: 1200px) and (max-width: 1919px)\" data-srcset=\"https:\/\/www.merck.ca\/fr\/wp-content\/uploads\/sites\/83\/2023\/10\/Gretty-Deustch-FINAL.png?w=1200\" srcset=\"https:\/\/www.merck.ca\/fr\/wp-content\/uploads\/sites\/83\/2023\/10\/Gretty-Deustch-FINAL.png?w=1200\" >\n<source media=\"(min-width: 1920px)\" data-srcset=\"https:\/\/www.merck.ca\/fr\/wp-content\/uploads\/sites\/83\/2023\/10\/Gretty-Deustch-FINAL.png?w=1920\" srcset=\"https:\/\/www.merck.ca\/fr\/wp-content\/uploads\/sites\/83\/2023\/10\/Gretty-Deustch-FINAL.png?w=1920\" >\n\t<img data-src=\"https:\/\/www.merck.ca\/fr\/wp-content\/uploads\/sites\/83\/2023\/10\/Gretty-Deustch-FINAL.png?w=1920\" alt=\"Gretty-Deustch\" class=\"eager \" loading=\"eager\" \/>\n<\/picture>                                    <\/div>\n                        <div class=\"mco-b2-hero-block-image-container-two\">\n                            <\/div>\n        <\/div>\n\n        <div class=\"mco-b2-hero-block-content-section\">\n            <nav class=\"breadcrumbs wrapper text-descriptive\"aria-label=\"Breadcrumbs\"><\/nav>            \n                            <h1>Gretty Deutsch<\/h1>\n            \n                            <div class=\"mco-b2-hero-block-description\"><p><em>Directrice ex\u00e9cutive, Affaires m\u00e9dicales<\/em><\/p>\n<\/div>\n            \n                    <\/div>\n    <\/div>\n\n    \n<\/div>\n\n\n\n<p>Forte de plus de 20&nbsp;ans d\u2019exp\u00e9rience dans le secteur pharmaceutique, Gretty&nbsp;Deutsch est une leader qui a fait ses preuves. Titulaire d\u2019un doctorat en m\u00e9decine de l\u2019Universit\u00e9 de Bucarest, elle a pass\u00e9 13&nbsp;ans en premi\u00e8re ligne de la crise du sida au Centre de traitement de l\u2019immunod\u00e9ficience de l\u2019H\u00f4pital g\u00e9n\u00e9ral de Montr\u00e9al. Au cours de cette p\u00e9riode, elle a travaill\u00e9 dans le domaine de la recherche m\u00e9dicale aux c\u00f4t\u00e9s d\u2019autres professionnels de la sant\u00e9 pour mettre au point de nouveaux traitements contre le sida. Avant de se joindre \u00e0 Merck il y a cinq ans, Gretty a occup\u00e9 de nombreux postes chez Novartis, notamment celui de directrice m\u00e9dicale de l\u2019immunologie et de la dermatologie pour la r\u00e9gion de l\u2019Am\u00e9rique latine et du Canada. Elle est actuellement directrice m\u00e9dicale du pays et vice-pr\u00e9sidente des Affaires m\u00e9dicales chez Merck&nbsp;Canada.&nbsp;<\/p>\n\n\n\n<p>Dans son r\u00f4le actuel, Gretty a dirig\u00e9 la r\u00e9ponse des Affaires m\u00e9dicales de Merck&nbsp;Canada \u00e0 la pand\u00e9mie de COVID-19. Elle croit fermement que les le\u00e7ons que nous avons tir\u00e9es de cette p\u00e9riode contribueront \u00e0 acc\u00e9l\u00e9rer le processus de d\u00e9couverte, de d\u00e9pistage et d\u2019administration de nouveaux m\u00e9dicaments aux patients canadiens. De plus, elle est certaine que cette exp\u00e9rience encouragera le milieu de la sant\u00e9 et le secteur pharmaceutique \u00e0 collaborer plus \u00e9troitement pour favoriser l\u2019innovation et les perc\u00e9es m\u00e9dicales.<\/p>\n\n\n\n<p>Grande lectrice, Gretty encourage son \u00e9quipe \u00e0 se renseigner sur le d\u00e9veloppement du leadership dans le cadre d\u2019un club de lecture. En dehors du travail, elle aime regarder des documentaires et des films, mais surtout, elle aime passer du temps avec sa famille.<\/p>\n","protected":false},"excerpt":{"rendered":"<p>Forte de plus de 20&nbsp;ans d\u2019exp\u00e9rience dans le secteur pharmaceutique, Gretty&nbsp;Deutsch est une leader qui a fait ses preuves. Titulaire d\u2019un doctorat en m\u00e9decine de l\u2019Universit\u00e9 de Bucarest, elle a pass\u00e9 13&nbsp;ans en premi\u00e8re ligne de la crise du sida au Centre de traitement de l\u2019immunod\u00e9ficience de l\u2019H\u00f4pital g\u00e9n\u00e9ral de Montr\u00e9al. Au cours de cette [&hellip;]<\/p>\n","protected":false},"author":138,"featured_media":0,"parent":5961,"menu_order":0,"comment_status":"closed","ping_status":"closed","template":"","meta":{"_acf_changed":false,"bdl_company_name":[],"bdl_item_external_link":[],"editor_notices":[],"footnotes":""},"class_list":["post-6028","page","type-page","status-publish","hentry"],"yoast_head":"<!-- This site is optimized with the Yoast SEO plugin v21.9.1 - https:\/\/yoast.com\/wordpress\/plugins\/seo\/ -->\n<title>Gretty Deutsch - MCC Canada French<\/title>\n<meta name=\"robots\" content=\"index, follow, max-snippet:-1, max-image-preview:large, max-video-preview:-1\" \/>\n<link rel=\"canonical\" href=\"https:\/\/www.merck.ca\/fr\/apercu-de-lentreprise\/equipe-de-direction\/gretty-deutsch\/\" \/>\n<meta property=\"og:locale\" content=\"en_US\" \/>\n<meta property=\"og:type\" content=\"article\" \/>\n<meta property=\"og:title\" content=\"Gretty Deutsch - MCC Canada French\" \/>\n<meta property=\"og:description\" content=\"Forte de plus de 20&nbsp;ans d\u2019exp\u00e9rience dans le secteur pharmaceutique, Gretty&nbsp;Deutsch est une leader qui a fait ses preuves. Titulaire d\u2019un doctorat en m\u00e9decine de l\u2019Universit\u00e9 de Bucarest, elle a pass\u00e9 13&nbsp;ans en premi\u00e8re ligne de la crise du sida au Centre de traitement de l\u2019immunod\u00e9ficience de l\u2019H\u00f4pital g\u00e9n\u00e9ral de Montr\u00e9al. Au cours de cette [&hellip;]\" \/>\n<meta property=\"og:url\" content=\"https:\/\/www.merck.ca\/fr\/apercu-de-lentreprise\/equipe-de-direction\/gretty-deutsch\/\" \/>\n<meta property=\"og:site_name\" content=\"MCC Canada French\" \/>\n<meta property=\"article:modified_time\" content=\"2025-07-21T12:50:44+00:00\" \/>\n<meta name=\"twitter:card\" content=\"summary_large_image\" \/>\n<meta name=\"twitter:label1\" content=\"Est. reading time\" \/>\n\t<meta name=\"twitter:data1\" content=\"2 minutes\" \/>\n<script type=\"application\/ld+json\" class=\"yoast-schema-graph\">{\"@context\":\"https:\/\/schema.org\",\"@graph\":[{\"@type\":\"WebPage\",\"@id\":\"https:\/\/www.merck.ca\/fr\/apercu-de-lentreprise\/equipe-de-direction\/gretty-deutsch\/\",\"url\":\"https:\/\/www.merck.ca\/fr\/apercu-de-lentreprise\/equipe-de-direction\/gretty-deutsch\/\",\"name\":\"Gretty Deutsch - MCC Canada French\",\"isPartOf\":{\"@id\":\"https:\/\/www.merck.ca\/fr\/#website\"},\"datePublished\":\"2023-10-10T16:11:52+00:00\",\"dateModified\":\"2025-07-21T12:50:44+00:00\",\"breadcrumb\":{\"@id\":\"https:\/\/www.merck.ca\/fr\/apercu-de-lentreprise\/equipe-de-direction\/gretty-deutsch\/#breadcrumb\"},\"inLanguage\":\"en-US\",\"potentialAction\":[{\"@type\":\"ReadAction\",\"target\":[\"https:\/\/www.merck.ca\/fr\/apercu-de-lentreprise\/equipe-de-direction\/gretty-deutsch\/\"]}]},{\"@type\":\"BreadcrumbList\",\"@id\":\"https:\/\/www.merck.ca\/fr\/apercu-de-lentreprise\/equipe-de-direction\/gretty-deutsch\/#breadcrumb\",\"itemListElement\":[{\"@type\":\"ListItem\",\"position\":1,\"name\":\"Aper\u00e7u de l\u2019entreprise\",\"item\":\"https:\/\/www.merck.ca\/fr\/apercu-de-lentreprise\/\"},{\"@type\":\"ListItem\",\"position\":2,\"name\":\"\u00c9quipe de direction\",\"item\":\"https:\/\/www.merck.ca\/fr\/apercu-de-lentreprise\/equipe-de-direction\/\"},{\"@type\":\"ListItem\",\"position\":3,\"name\":\"Gretty Deutsch\"}]},{\"@type\":\"WebSite\",\"@id\":\"https:\/\/www.merck.ca\/fr\/#website\",\"url\":\"https:\/\/www.merck.ca\/fr\/\",\"name\":\"MCC Canada French\",\"description\":\"Merck.ca\",\"potentialAction\":[{\"@type\":\"SearchAction\",\"target\":{\"@type\":\"EntryPoint\",\"urlTemplate\":\"https:\/\/www.merck.ca\/fr\/?s={search_term_string}\"},\"query-input\":\"required name=search_term_string\"}],\"inLanguage\":\"en-US\"}]}<\/script>\n<!-- \/ Yoast SEO plugin. -->","yoast_head_json":{"title":"Gretty Deutsch - MCC Canada French","robots":{"index":"index","follow":"follow","max-snippet":"max-snippet:-1","max-image-preview":"max-image-preview:large","max-video-preview":"max-video-preview:-1"},"canonical":"https:\/\/www.merck.ca\/fr\/apercu-de-lentreprise\/equipe-de-direction\/gretty-deutsch\/","og_locale":"en_US","og_type":"article","og_title":"Gretty Deutsch - MCC Canada French","og_description":"Forte de plus de 20&nbsp;ans d\u2019exp\u00e9rience dans le secteur pharmaceutique, Gretty&nbsp;Deutsch est une leader qui a fait ses preuves. Titulaire d\u2019un doctorat en m\u00e9decine de l\u2019Universit\u00e9 de Bucarest, elle a pass\u00e9 13&nbsp;ans en premi\u00e8re ligne de la crise du sida au Centre de traitement de l\u2019immunod\u00e9ficience de l\u2019H\u00f4pital g\u00e9n\u00e9ral de Montr\u00e9al. Au cours de cette [&hellip;]","og_url":"https:\/\/www.merck.ca\/fr\/apercu-de-lentreprise\/equipe-de-direction\/gretty-deutsch\/","og_site_name":"MCC Canada French","article_modified_time":"2025-07-21T12:50:44+00:00","twitter_card":"summary_large_image","twitter_misc":{"Est. reading time":"2 minutes"},"schema":{"@context":"https:\/\/schema.org","@graph":[{"@type":"WebPage","@id":"https:\/\/www.merck.ca\/fr\/apercu-de-lentreprise\/equipe-de-direction\/gretty-deutsch\/","url":"https:\/\/www.merck.ca\/fr\/apercu-de-lentreprise\/equipe-de-direction\/gretty-deutsch\/","name":"Gretty Deutsch - MCC Canada French","isPartOf":{"@id":"https:\/\/www.merck.ca\/fr\/#website"},"datePublished":"2023-10-10T16:11:52+00:00","dateModified":"2025-07-21T12:50:44+00:00","breadcrumb":{"@id":"https:\/\/www.merck.ca\/fr\/apercu-de-lentreprise\/equipe-de-direction\/gretty-deutsch\/#breadcrumb"},"inLanguage":"en-US","potentialAction":[{"@type":"ReadAction","target":["https:\/\/www.merck.ca\/fr\/apercu-de-lentreprise\/equipe-de-direction\/gretty-deutsch\/"]}]},{"@type":"BreadcrumbList","@id":"https:\/\/www.merck.ca\/fr\/apercu-de-lentreprise\/equipe-de-direction\/gretty-deutsch\/#breadcrumb","itemListElement":[{"@type":"ListItem","position":1,"name":"Aper\u00e7u de l\u2019entreprise","item":"https:\/\/www.merck.ca\/fr\/apercu-de-lentreprise\/"},{"@type":"ListItem","position":2,"name":"\u00c9quipe de direction","item":"https:\/\/www.merck.ca\/fr\/apercu-de-lentreprise\/equipe-de-direction\/"},{"@type":"ListItem","position":3,"name":"Gretty Deutsch"}]},{"@type":"WebSite","@id":"https:\/\/www.merck.ca\/fr\/#website","url":"https:\/\/www.merck.ca\/fr\/","name":"MCC Canada French","description":"Merck.ca","potentialAction":[{"@type":"SearchAction","target":{"@type":"EntryPoint","urlTemplate":"https:\/\/www.merck.ca\/fr\/?s={search_term_string}"},"query-input":"required name=search_term_string"}],"inLanguage":"en-US"}]}},"acf":[],"_links":{"self":[{"href":"https:\/\/www.merck.ca\/fr\/wp-json\/wp\/v2\/pages\/6028","targetHints":{"allow":["GET"]}}],"collection":[{"href":"https:\/\/www.merck.ca\/fr\/wp-json\/wp\/v2\/pages"}],"about":[{"href":"https:\/\/www.merck.ca\/fr\/wp-json\/wp\/v2\/types\/page"}],"author":[{"embeddable":true,"href":"https:\/\/www.merck.ca\/fr\/wp-json\/wp\/v2\/users\/138"}],"replies":[{"embeddable":true,"href":"https:\/\/www.merck.ca\/fr\/wp-json\/wp\/v2\/comments?post=6028"}],"version-history":[{"count":8,"href":"https:\/\/www.merck.ca\/fr\/wp-json\/wp\/v2\/pages\/6028\/revisions"}],"predecessor-version":[{"id":7909,"href":"https:\/\/www.merck.ca\/fr\/wp-json\/wp\/v2\/pages\/6028\/revisions\/7909"}],"up":[{"embeddable":true,"href":"https:\/\/www.merck.ca\/fr\/wp-json\/wp\/v2\/pages\/5961"}],"wp:attachment":[{"href":"https:\/\/www.merck.ca\/fr\/wp-json\/wp\/v2\/media?parent=6028"}],"curies":[{"name":"wp","href":"https:\/\/api.w.org\/{rel}","templated":true}]}}

<div id="mco-b2-hero-block-block_e5dd376988178052716f449b619a093d" class="mco-b2-hero-block full mccberg-block">
    <div class="mco-b2-hero-block-wrapper">
        <div class="mco-b2-hero-block-image-section ">
                            <div class="mco-b2-hero-block-image-container ">
                    <picture >
	<source media="(max-width: 767px)" data-srcset="https://www.merck.ca/fr/wp-content/uploads/sites/83/2023/10/Gretty-Deustch-FINAL.png?w=768" srcset="https://www.merck.ca/fr/wp-content/uploads/sites/83/2023/10/Gretty-Deustch-FINAL.png?w=768" >
<source media="(min-width: 768px) and (max-width: 1199px)" data-srcset="https://www.merck.ca/fr/wp-content/uploads/sites/83/2023/10/Gretty-Deustch-FINAL.png?h=768" srcset="https://www.merck.ca/fr/wp-content/uploads/sites/83/2023/10/Gretty-Deustch-FINAL.png?h=768" >
<source media="(min-width: 1200px) and (max-width: 1919px)" data-srcset="https://www.merck.ca/fr/wp-content/uploads/sites/83/2023/10/Gretty-Deustch-FINAL.png?w=1200" srcset="https://www.merck.ca/fr/wp-content/uploads/sites/83/2023/10/Gretty-Deustch-FINAL.png?w=1200" >
<source media="(min-width: 1920px)" data-srcset="https://www.merck.ca/fr/wp-content/uploads/sites/83/2023/10/Gretty-Deustch-FINAL.png?w=1920" srcset="https://www.merck.ca/fr/wp-content/uploads/sites/83/2023/10/Gretty-Deustch-FINAL.png?w=1920" >
	<img data-src="https://www.merck.ca/fr/wp-content/uploads/sites/83/2023/10/Gretty-Deustch-FINAL.png?w=1920" alt="Gretty-Deustch" class="eager " loading="eager" />
</picture>                                    </div>
                        <div class="mco-b2-hero-block-image-container-two">
                            </div>
        </div>

        <div class="mco-b2-hero-block-content-section">
            <nav class="breadcrumbs wrapper text-descriptive"aria-label="Breadcrumbs"></nav>            
                            <h1>Gretty Deutsch</h1>
            
                            <div class="mco-b2-hero-block-description"><p><em>Directrice exécutive, Affaires médicales</em></p>
</div>
            
                    </div>
    </div>

    
</div>



<p>Forte de plus de 20&nbsp;ans d’expérience dans le secteur pharmaceutique, Gretty&nbsp;Deutsch est une leader qui a fait ses preuves. Titulaire d’un doctorat en médecine de l’Université de Bucarest, elle a passé 13&nbsp;ans en première ligne de la crise du sida au Centre de traitement de l’immunodéficience de l’Hôpital général de Montréal. Au cours de cette période, elle a travaillé dans le domaine de la recherche médicale aux côtés d’autres professionnels de la santé pour mettre au point de nouveaux traitements contre le sida. Avant de se joindre à Merck il y a cinq ans, Gretty a occupé de nombreux postes chez Novartis, notamment celui de directrice médicale de l’immunologie et de la dermatologie pour la région de l’Amérique latine et du Canada. Elle est actuellement directrice médicale du pays et vice-présidente des Affaires médicales chez Merck&nbsp;Canada.&nbsp;</p>



<p>Dans son rôle actuel, Gretty a dirigé la réponse des Affaires médicales de Merck&nbsp;Canada à la pandémie de COVID-19. Elle croit fermement que les leçons que nous avons tirées de cette période contribueront à accélérer le processus de découverte, de dépistage et d’administration de nouveaux médicaments aux patients canadiens. De plus, elle est certaine que cette expérience encouragera le milieu de la santé et le secteur pharmaceutique à collaborer plus étroitement pour favoriser l’innovation et les percées médicales.</p>



<p>Grande lectrice, Gretty encourage son équipe à se renseigner sur le développement du leadership dans le cadre d’un club de lecture. En dehors du travail, elle aime regarder des documentaires et des films, mais surtout, elle aime passer du temps avec sa famille.</p>

<p>Forte de plus de 20&nbsp;ans d’expérience dans le secteur pharmaceutique, Gretty&nbsp;Deutsch est une leader qui a fait ses preuves. Titulaire d’un doctorat en médecine de l’Université de Bucarest, elle a passé 13&nbsp;ans en première ligne de la crise du sida au Centre de traitement de l’immunodéficience de l’Hôpital général de Montréal. Au cours de cette [&hellip;]</p>

<!-- This site is optimized with the Yoast SEO plugin v21.9.1 - https://yoast.com/wordpress/plugins/seo/ -->
<title>Gretty Deutsch - MCC Canada French</title>
<meta name="robots" content="index, follow, max-snippet:-1, max-image-preview:large, max-video-preview:-1" />
<link rel="canonical" href="https://www.merck.ca/fr/apercu-de-lentreprise/equipe-de-direction/gretty-deutsch/" />
<meta property="og:locale" content="en_US" />
<meta property="og:type" content="article" />
<meta property="og:title" content="Gretty Deutsch - MCC Canada French" />
<meta property="og:description" content="Forte de plus de 20&nbsp;ans d’expérience dans le secteur pharmaceutique, Gretty&nbsp;Deutsch est une leader qui a fait ses preuves. Titulaire d’un doctorat en médecine de l’Université de Bucarest, elle a passé 13&nbsp;ans en première ligne de la crise du sida au Centre de traitement de l’immunodéficience de l’Hôpital général de Montréal. Au cours de cette [&hellip;]" />
<meta property="og:url" content="https://www.merck.ca/fr/apercu-de-lentreprise/equipe-de-direction/gretty-deutsch/" />
<meta property="og:site_name" content="MCC Canada French" />
<meta property="article:modified_time" content="2025-07-21T12:50:44+00:00" />
<meta name="twitter:card" content="summary_large_image" />
<meta name="twitter:label1" content="Est. reading time" />
	<meta name="twitter:data1" content="2 minutes" />
<script type="application/ld+json" class="yoast-schema-graph">{"@context":"https://schema.org","@graph":[{"@type":"WebPage","@id":"https://www.merck.ca/fr/apercu-de-lentreprise/equipe-de-direction/gretty-deutsch/","url":"https://www.merck.ca/fr/apercu-de-lentreprise/equipe-de-direction/gretty-deutsch/","name":"Gretty Deutsch - MCC Canada French","isPartOf":{"@id":"https://www.merck.ca/fr/#website"},"datePublished":"2023-10-10T16:11:52+00:00","dateModified":"2025-07-21T12:50:44+00:00","breadcrumb":{"@id":"https://www.merck.ca/fr/apercu-de-lentreprise/equipe-de-direction/gretty-deutsch/#breadcrumb"},"inLanguage":"en-US","potentialAction":[{"@type":"ReadAction","target":["https://www.merck.ca/fr/apercu-de-lentreprise/equipe-de-direction/gretty-deutsch/"]}]},{"@type":"BreadcrumbList","@id":"https://www.merck.ca/fr/apercu-de-lentreprise/equipe-de-direction/gretty-deutsch/#breadcrumb","itemListElement":[{"@type":"ListItem","position":1,"name":"Aperçu de l’entreprise","item":"https://www.merck.ca/fr/apercu-de-lentreprise/"},{"@type":"ListItem","position":2,"name":"Équipe de direction","item":"https://www.merck.ca/fr/apercu-de-lentreprise/equipe-de-direction/"},{"@type":"ListItem","position":3,"name":"Gretty Deutsch"}]},{"@type":"WebSite","@id":"https://www.merck.ca/fr/#website","url":"https://www.merck.ca/fr/","name":"MCC Canada French","description":"Merck.ca","potentialAction":[{"@type":"SearchAction","target":{"@type":"EntryPoint","urlTemplate":"https://www.merck.ca/fr/?s={search_term_string}"},"query-input":"required name=search_term_string"}],"inLanguage":"en-US"}]}</script>
<!-- / Yoast SEO plugin. -->

Forte de plus de 20&nbsp;ans d’expérience dans le secteur pharmaceutique, Gretty&nbsp;Deutsch est une leader qui a fait ses preuves. Titulaire d’un doctorat en médecine de l’Université de Bucarest, elle a passé 13&nbsp;ans en première ligne de la crise du sida au Centre de traitement de l’immunodéficience de l’Hôpital général de Montréal. Au cours de cette [&hellip;]

Aperçu de l’entreprise

Équipe de direction
