{"id":6011,"date":"2023-10-10T16:07:51","date_gmt":"2023-10-10T16:07:51","guid":{"rendered":"https:\/\/www.merck.ca\/fr\/?page_id=6011"},"modified":"2025-07-22T15:28:30","modified_gmt":"2025-07-22T15:28:30","slug":"chantal-desbiens","status":"publish","type":"page","link":"https:\/\/www.merck.ca\/fr\/apercu-de-lentreprise\/equipe-de-direction\/chantal-desbiens\/","title":{"rendered":"Chantal Desbiens"},"content":{"rendered":"\n<div id=\"mco-b2-hero-block-block_072f0eaf2d453becb7a10b7b5729e9fe\" class=\"mco-b2-hero-block full mccberg-block\">\n    <div class=\"mco-b2-hero-block-wrapper\">\n        <div class=\"mco-b2-hero-block-image-section \">\n                            <div class=\"mco-b2-hero-block-image-container \">\n                    <picture >\n\t<source media=\"(max-width: 767px)\" data-srcset=\"https:\/\/www.merck.ca\/fr\/wp-content\/uploads\/sites\/83\/2024\/05\/Chantal-A7501671-Edit.jpg?w=768\" srcset=\"https:\/\/www.merck.ca\/fr\/wp-content\/uploads\/sites\/83\/2024\/05\/Chantal-A7501671-Edit.jpg?w=768\" >\n<source media=\"(min-width: 768px) and (max-width: 1199px)\" data-srcset=\"https:\/\/www.merck.ca\/fr\/wp-content\/uploads\/sites\/83\/2024\/05\/Chantal-A7501671-Edit.jpg?h=768\" srcset=\"https:\/\/www.merck.ca\/fr\/wp-content\/uploads\/sites\/83\/2024\/05\/Chantal-A7501671-Edit.jpg?h=768\" >\n<source media=\"(min-width: 1200px) and (max-width: 1919px)\" data-srcset=\"https:\/\/www.merck.ca\/fr\/wp-content\/uploads\/sites\/83\/2024\/05\/Chantal-A7501671-Edit.jpg?w=1200\" srcset=\"https:\/\/www.merck.ca\/fr\/wp-content\/uploads\/sites\/83\/2024\/05\/Chantal-A7501671-Edit.jpg?w=1200\" >\n<source media=\"(min-width: 1920px)\" data-srcset=\"https:\/\/www.merck.ca\/fr\/wp-content\/uploads\/sites\/83\/2024\/05\/Chantal-A7501671-Edit.jpg?w=1920\" srcset=\"https:\/\/www.merck.ca\/fr\/wp-content\/uploads\/sites\/83\/2024\/05\/Chantal-A7501671-Edit.jpg?w=1920\" >\n\t<img data-src=\"https:\/\/www.merck.ca\/fr\/wp-content\/uploads\/sites\/83\/2024\/05\/Chantal-A7501671-Edit.jpg?w=1920\" alt=\"\" class=\"eager \" loading=\"eager\" \/>\n<\/picture>                                    <\/div>\n                        <div class=\"mco-b2-hero-block-image-container-two\">\n                            <\/div>\n        <\/div>\n\n        <div class=\"mco-b2-hero-block-content-section\">\n            <nav class=\"breadcrumbs wrapper text-descriptive\"aria-label=\"Breadcrumbs\"><\/nav>            \n                            <h1>Chantal Desbiens<\/h1>\n            \n                            <div class=\"mco-b2-hero-block-description\"><p><em>Directrice ex\u00e9cutive, Affaires juridiques et conformit\u00e9<\/em><\/p>\n<\/div>\n            \n                    <\/div>\n    <\/div>\n\n    \n<\/div>\n\n\n\n<p>C\u2019\u00e9tait tout naturel pour Chantal Desbiens de vouloir avoir une influence positive sur &nbsp;&nbsp;la vie des gens gr\u00e2ce \u00e0 la pratique du droit. L\u2019ouverture d\u2019esprit, la bienveillance et la curiosit\u00e9 de Chantal, ainsi que sa passion pour l\u2019entraide, la d\u00e9fense des droits d\u2019autrui et la justice, l\u2019ont men\u00e9e \u00e0 compl\u00e9ter ses baccalaur\u00e9ats en droit civil et en common law &nbsp;\u00e0 l\u2019Universit\u00e9 McGill.<\/p>\n\n\n\n<p>Chantal a travaill\u00e9 pendant plus de 10&nbsp;ans comme avocate en cabinet priv\u00e9, o\u00f9 elle a perfectionn\u00e9 ses comp\u00e9tences dans le domaine du&nbsp; litige civil et commercial, assurant la protection juridique et \u00e9thique des int\u00e9r\u00eats de ses clients. Durant cette p\u00e9riode, elle a aussi agi \u00e0 titre de procureure de la poursuite pour la Couronne F\u00e9d\u00e9rale et certaines municipalit\u00e9s.<\/p>\n\n\n\n<p>C\u2019est sa volont\u00e9 d\u2019aider les autres qui l\u2019a amen\u00e9e \u00e0 envisager une carri\u00e8re chez Merck, une entreprise dont l\u2019engagement envers les patients ainsi que les valeurs d\u2019int\u00e9grit\u00e9, d\u2019\u00e9thique et de collaboration faisaient \u00e9cho aux siennes. Plus de 18\u00a0ans plus tard, Chantal est maintenant Directrice ex\u00e9cutive, Affaires juridiques et conformit\u00e9 chez Merck\u00a0Canada. Son r\u00f4le actuel lui permet de mettre \u00e0 profit \u00a0son expertise multidisciplinaire, sa capacit\u00e9 de r\u00e9solution de probl\u00e8mes et\u00a0 ses comp\u00e9tences en n\u00e9gociation strat\u00e9gique afin d\u2019avoir un impact positif sur \u00a0la vie des patients. R\u00e9elle leader au sein de l\u2019organisation, elle s\u2019accomplit dans la gestion de dossiers complexes. La confiance et le professionnalisme de Chantal sont rassurants pour tous ceux et celles qui travaillent avec elle.<\/p>\n\n\n\n<p>Chantal s\u2019implique activement aupr\u00e8s de ses pairs, sa communaut\u00e9 et les dirigeants de l\u2019industrie pharmaceutique. Elle est responsable des activit\u00e9s r\u00e9gionales Pro Bono de Merck pour l\u2019Europe et le Canada, est mentore de plusieurs employ\u00e9s et repr\u00e9sente Merck Canada au sein du groupe de la propri\u00e9t\u00e9 intellectuelle et des affaires juridiques de M\u00e9dicaments novateurs Canada.<\/p>\n\n\n\n<p>Native des Laurentides, Chantal consid\u00e8re cette r\u00e9gion comme son havre de paix. Que ce soit sur une paire de skis, une planche \u00e0 pagaie, en randonn\u00e9e alpine ou p\u00e9destre, entre autres, Chantal est combl\u00e9e lorsqu\u2019elle pratique des activit\u00e9s en nature avec sa famille.<\/p>\n\n\n<style>.mco-b2-hero-block .mco-b2-hero-block-image-section .mco-b2-hero-block-image-container img{object-position: top;}<\/style>","protected":false},"excerpt":{"rendered":"<p>C\u2019\u00e9tait tout naturel pour Chantal Desbiens de vouloir avoir une influence positive sur &nbsp;&nbsp;la vie des gens gr\u00e2ce \u00e0 la pratique du droit. L\u2019ouverture d\u2019esprit, la bienveillance et la curiosit\u00e9 de Chantal, ainsi que sa passion pour l\u2019entraide, la d\u00e9fense des droits d\u2019autrui et la justice, l\u2019ont men\u00e9e \u00e0 compl\u00e9ter ses baccalaur\u00e9ats en droit civil [&hellip;]<\/p>\n","protected":false},"author":138,"featured_media":0,"parent":5961,"menu_order":0,"comment_status":"closed","ping_status":"closed","template":"","meta":{"_acf_changed":false,"bdl_company_name":[],"bdl_item_external_link":[],"editor_notices":[],"footnotes":""},"class_list":["post-6011","page","type-page","status-publish","hentry"],"yoast_head":"<!-- This site is optimized with the Yoast SEO plugin v21.9.1 - https:\/\/yoast.com\/wordpress\/plugins\/seo\/ -->\n<title>Chantal Desbiens - MCC Canada French<\/title>\n<meta name=\"robots\" content=\"index, follow, max-snippet:-1, max-image-preview:large, max-video-preview:-1\" \/>\n<link rel=\"canonical\" href=\"https:\/\/www.merck.ca\/fr\/apercu-de-lentreprise\/equipe-de-direction\/chantal-desbiens\/\" \/>\n<meta property=\"og:locale\" content=\"en_US\" \/>\n<meta property=\"og:type\" content=\"article\" \/>\n<meta property=\"og:title\" content=\"Chantal Desbiens - MCC Canada French\" \/>\n<meta property=\"og:description\" content=\"C\u2019\u00e9tait tout naturel pour Chantal Desbiens de vouloir avoir une influence positive sur &nbsp;&nbsp;la vie des gens gr\u00e2ce \u00e0 la pratique du droit. L\u2019ouverture d\u2019esprit, la bienveillance et la curiosit\u00e9 de Chantal, ainsi que sa passion pour l\u2019entraide, la d\u00e9fense des droits d\u2019autrui et la justice, l\u2019ont men\u00e9e \u00e0 compl\u00e9ter ses baccalaur\u00e9ats en droit civil [&hellip;]\" \/>\n<meta property=\"og:url\" content=\"https:\/\/www.merck.ca\/fr\/apercu-de-lentreprise\/equipe-de-direction\/chantal-desbiens\/\" \/>\n<meta property=\"og:site_name\" content=\"MCC Canada French\" \/>\n<meta property=\"article:modified_time\" content=\"2025-07-22T15:28:30+00:00\" \/>\n<meta name=\"twitter:card\" content=\"summary_large_image\" \/>\n<meta name=\"twitter:label1\" content=\"Est. reading time\" \/>\n\t<meta name=\"twitter:data1\" content=\"2 minutes\" \/>\n<script type=\"application\/ld+json\" class=\"yoast-schema-graph\">{\"@context\":\"https:\/\/schema.org\",\"@graph\":[{\"@type\":\"WebPage\",\"@id\":\"https:\/\/www.merck.ca\/fr\/apercu-de-lentreprise\/equipe-de-direction\/chantal-desbiens\/\",\"url\":\"https:\/\/www.merck.ca\/fr\/apercu-de-lentreprise\/equipe-de-direction\/chantal-desbiens\/\",\"name\":\"Chantal Desbiens - MCC Canada French\",\"isPartOf\":{\"@id\":\"https:\/\/www.merck.ca\/fr\/#website\"},\"datePublished\":\"2023-10-10T16:07:51+00:00\",\"dateModified\":\"2025-07-22T15:28:30+00:00\",\"breadcrumb\":{\"@id\":\"https:\/\/www.merck.ca\/fr\/apercu-de-lentreprise\/equipe-de-direction\/chantal-desbiens\/#breadcrumb\"},\"inLanguage\":\"en-US\",\"potentialAction\":[{\"@type\":\"ReadAction\",\"target\":[\"https:\/\/www.merck.ca\/fr\/apercu-de-lentreprise\/equipe-de-direction\/chantal-desbiens\/\"]}]},{\"@type\":\"BreadcrumbList\",\"@id\":\"https:\/\/www.merck.ca\/fr\/apercu-de-lentreprise\/equipe-de-direction\/chantal-desbiens\/#breadcrumb\",\"itemListElement\":[{\"@type\":\"ListItem\",\"position\":1,\"name\":\"Aper\u00e7u de l\u2019entreprise\",\"item\":\"https:\/\/www.merck.ca\/fr\/apercu-de-lentreprise\/\"},{\"@type\":\"ListItem\",\"position\":2,\"name\":\"\u00c9quipe de direction\",\"item\":\"https:\/\/www.merck.ca\/fr\/apercu-de-lentreprise\/equipe-de-direction\/\"},{\"@type\":\"ListItem\",\"position\":3,\"name\":\"Chantal Desbiens\"}]},{\"@type\":\"WebSite\",\"@id\":\"https:\/\/www.merck.ca\/fr\/#website\",\"url\":\"https:\/\/www.merck.ca\/fr\/\",\"name\":\"MCC Canada French\",\"description\":\"Merck.ca\",\"potentialAction\":[{\"@type\":\"SearchAction\",\"target\":{\"@type\":\"EntryPoint\",\"urlTemplate\":\"https:\/\/www.merck.ca\/fr\/?s={search_term_string}\"},\"query-input\":\"required name=search_term_string\"}],\"inLanguage\":\"en-US\"}]}<\/script>\n<!-- \/ Yoast SEO plugin. -->","yoast_head_json":{"title":"Chantal Desbiens - MCC Canada French","robots":{"index":"index","follow":"follow","max-snippet":"max-snippet:-1","max-image-preview":"max-image-preview:large","max-video-preview":"max-video-preview:-1"},"canonical":"https:\/\/www.merck.ca\/fr\/apercu-de-lentreprise\/equipe-de-direction\/chantal-desbiens\/","og_locale":"en_US","og_type":"article","og_title":"Chantal Desbiens - MCC Canada French","og_description":"C\u2019\u00e9tait tout naturel pour Chantal Desbiens de vouloir avoir une influence positive sur &nbsp;&nbsp;la vie des gens gr\u00e2ce \u00e0 la pratique du droit. L\u2019ouverture d\u2019esprit, la bienveillance et la curiosit\u00e9 de Chantal, ainsi que sa passion pour l\u2019entraide, la d\u00e9fense des droits d\u2019autrui et la justice, l\u2019ont men\u00e9e \u00e0 compl\u00e9ter ses baccalaur\u00e9ats en droit civil [&hellip;]","og_url":"https:\/\/www.merck.ca\/fr\/apercu-de-lentreprise\/equipe-de-direction\/chantal-desbiens\/","og_site_name":"MCC Canada French","article_modified_time":"2025-07-22T15:28:30+00:00","twitter_card":"summary_large_image","twitter_misc":{"Est. reading time":"2 minutes"},"schema":{"@context":"https:\/\/schema.org","@graph":[{"@type":"WebPage","@id":"https:\/\/www.merck.ca\/fr\/apercu-de-lentreprise\/equipe-de-direction\/chantal-desbiens\/","url":"https:\/\/www.merck.ca\/fr\/apercu-de-lentreprise\/equipe-de-direction\/chantal-desbiens\/","name":"Chantal Desbiens - MCC Canada French","isPartOf":{"@id":"https:\/\/www.merck.ca\/fr\/#website"},"datePublished":"2023-10-10T16:07:51+00:00","dateModified":"2025-07-22T15:28:30+00:00","breadcrumb":{"@id":"https:\/\/www.merck.ca\/fr\/apercu-de-lentreprise\/equipe-de-direction\/chantal-desbiens\/#breadcrumb"},"inLanguage":"en-US","potentialAction":[{"@type":"ReadAction","target":["https:\/\/www.merck.ca\/fr\/apercu-de-lentreprise\/equipe-de-direction\/chantal-desbiens\/"]}]},{"@type":"BreadcrumbList","@id":"https:\/\/www.merck.ca\/fr\/apercu-de-lentreprise\/equipe-de-direction\/chantal-desbiens\/#breadcrumb","itemListElement":[{"@type":"ListItem","position":1,"name":"Aper\u00e7u de l\u2019entreprise","item":"https:\/\/www.merck.ca\/fr\/apercu-de-lentreprise\/"},{"@type":"ListItem","position":2,"name":"\u00c9quipe de direction","item":"https:\/\/www.merck.ca\/fr\/apercu-de-lentreprise\/equipe-de-direction\/"},{"@type":"ListItem","position":3,"name":"Chantal Desbiens"}]},{"@type":"WebSite","@id":"https:\/\/www.merck.ca\/fr\/#website","url":"https:\/\/www.merck.ca\/fr\/","name":"MCC Canada French","description":"Merck.ca","potentialAction":[{"@type":"SearchAction","target":{"@type":"EntryPoint","urlTemplate":"https:\/\/www.merck.ca\/fr\/?s={search_term_string}"},"query-input":"required name=search_term_string"}],"inLanguage":"en-US"}]}},"acf":[],"_links":{"self":[{"href":"https:\/\/www.merck.ca\/fr\/wp-json\/wp\/v2\/pages\/6011","targetHints":{"allow":["GET"]}}],"collection":[{"href":"https:\/\/www.merck.ca\/fr\/wp-json\/wp\/v2\/pages"}],"about":[{"href":"https:\/\/www.merck.ca\/fr\/wp-json\/wp\/v2\/types\/page"}],"author":[{"embeddable":true,"href":"https:\/\/www.merck.ca\/fr\/wp-json\/wp\/v2\/users\/138"}],"replies":[{"embeddable":true,"href":"https:\/\/www.merck.ca\/fr\/wp-json\/wp\/v2\/comments?post=6011"}],"version-history":[{"count":14,"href":"https:\/\/www.merck.ca\/fr\/wp-json\/wp\/v2\/pages\/6011\/revisions"}],"predecessor-version":[{"id":7932,"href":"https:\/\/www.merck.ca\/fr\/wp-json\/wp\/v2\/pages\/6011\/revisions\/7932"}],"up":[{"embeddable":true,"href":"https:\/\/www.merck.ca\/fr\/wp-json\/wp\/v2\/pages\/5961"}],"wp:attachment":[{"href":"https:\/\/www.merck.ca\/fr\/wp-json\/wp\/v2\/media?parent=6011"}],"curies":[{"name":"wp","href":"https:\/\/api.w.org\/{rel}","templated":true}]}}

<div id="mco-b2-hero-block-block_072f0eaf2d453becb7a10b7b5729e9fe" class="mco-b2-hero-block full mccberg-block">
    <div class="mco-b2-hero-block-wrapper">
        <div class="mco-b2-hero-block-image-section ">
                            <div class="mco-b2-hero-block-image-container ">
                    <picture >
	<source media="(max-width: 767px)" data-srcset="https://www.merck.ca/fr/wp-content/uploads/sites/83/2024/05/Chantal-A7501671-Edit.jpg?w=768" srcset="https://www.merck.ca/fr/wp-content/uploads/sites/83/2024/05/Chantal-A7501671-Edit.jpg?w=768" >
<source media="(min-width: 768px) and (max-width: 1199px)" data-srcset="https://www.merck.ca/fr/wp-content/uploads/sites/83/2024/05/Chantal-A7501671-Edit.jpg?h=768" srcset="https://www.merck.ca/fr/wp-content/uploads/sites/83/2024/05/Chantal-A7501671-Edit.jpg?h=768" >
<source media="(min-width: 1200px) and (max-width: 1919px)" data-srcset="https://www.merck.ca/fr/wp-content/uploads/sites/83/2024/05/Chantal-A7501671-Edit.jpg?w=1200" srcset="https://www.merck.ca/fr/wp-content/uploads/sites/83/2024/05/Chantal-A7501671-Edit.jpg?w=1200" >
<source media="(min-width: 1920px)" data-srcset="https://www.merck.ca/fr/wp-content/uploads/sites/83/2024/05/Chantal-A7501671-Edit.jpg?w=1920" srcset="https://www.merck.ca/fr/wp-content/uploads/sites/83/2024/05/Chantal-A7501671-Edit.jpg?w=1920" >
	<img data-src="https://www.merck.ca/fr/wp-content/uploads/sites/83/2024/05/Chantal-A7501671-Edit.jpg?w=1920" alt="" class="eager " loading="eager" />
</picture>                                    </div>
                        <div class="mco-b2-hero-block-image-container-two">
                            </div>
        </div>

        <div class="mco-b2-hero-block-content-section">
            <nav class="breadcrumbs wrapper text-descriptive"aria-label="Breadcrumbs"></nav>            
                            <h1>Chantal Desbiens</h1>
            
                            <div class="mco-b2-hero-block-description"><p><em>Directrice exécutive, Affaires juridiques et conformité</em></p>
</div>
            
                    </div>
    </div>

    
</div>



<p>C’était tout naturel pour Chantal Desbiens de vouloir avoir une influence positive sur &nbsp;&nbsp;la vie des gens grâce à la pratique du droit. L’ouverture d’esprit, la bienveillance et la curiosité de Chantal, ainsi que sa passion pour l’entraide, la défense des droits d’autrui et la justice, l’ont menée à compléter ses baccalauréats en droit civil et en common law &nbsp;à l’Université McGill.</p>



<p>Chantal a travaillé pendant plus de 10&nbsp;ans comme avocate en cabinet privé, où elle a perfectionné ses compétences dans le domaine du&nbsp; litige civil et commercial, assurant la protection juridique et éthique des intérêts de ses clients. Durant cette période, elle a aussi agi à titre de procureure de la poursuite pour la Couronne Fédérale et certaines municipalités.</p>



<p>C’est sa volonté d’aider les autres qui l’a amenée à envisager une carrière chez Merck, une entreprise dont l’engagement envers les patients ainsi que les valeurs d’intégrité, d’éthique et de collaboration faisaient écho aux siennes. Plus de 18 ans plus tard, Chantal est maintenant Directrice exécutive, Affaires juridiques et conformité chez Merck Canada. Son rôle actuel lui permet de mettre à profit  son expertise multidisciplinaire, sa capacité de résolution de problèmes et  ses compétences en négociation stratégique afin d’avoir un impact positif sur  la vie des patients. Réelle leader au sein de l’organisation, elle s’accomplit dans la gestion de dossiers complexes. La confiance et le professionnalisme de Chantal sont rassurants pour tous ceux et celles qui travaillent avec elle.</p>



<p>Chantal s’implique activement auprès de ses pairs, sa communauté et les dirigeants de l’industrie pharmaceutique. Elle est responsable des activités régionales Pro Bono de Merck pour l’Europe et le Canada, est mentore de plusieurs employés et représente Merck Canada au sein du groupe de la propriété intellectuelle et des affaires juridiques de Médicaments novateurs Canada.</p>



<p>Native des Laurentides, Chantal considère cette région comme son havre de paix. Que ce soit sur une paire de skis, une planche à pagaie, en randonnée alpine ou pédestre, entre autres, Chantal est comblée lorsqu’elle pratique des activités en nature avec sa famille.</p>


<style>.mco-b2-hero-block .mco-b2-hero-block-image-section .mco-b2-hero-block-image-container img{object-position: top;}</style>

<p>C’était tout naturel pour Chantal Desbiens de vouloir avoir une influence positive sur &nbsp;&nbsp;la vie des gens grâce à la pratique du droit. L’ouverture d’esprit, la bienveillance et la curiosité de Chantal, ainsi que sa passion pour l’entraide, la défense des droits d’autrui et la justice, l’ont menée à compléter ses baccalauréats en droit civil [&hellip;]</p>

<!-- This site is optimized with the Yoast SEO plugin v21.9.1 - https://yoast.com/wordpress/plugins/seo/ -->
<title>Chantal Desbiens - MCC Canada French</title>
<meta name="robots" content="index, follow, max-snippet:-1, max-image-preview:large, max-video-preview:-1" />
<link rel="canonical" href="https://www.merck.ca/fr/apercu-de-lentreprise/equipe-de-direction/chantal-desbiens/" />
<meta property="og:locale" content="en_US" />
<meta property="og:type" content="article" />
<meta property="og:title" content="Chantal Desbiens - MCC Canada French" />
<meta property="og:description" content="C’était tout naturel pour Chantal Desbiens de vouloir avoir une influence positive sur &nbsp;&nbsp;la vie des gens grâce à la pratique du droit. L’ouverture d’esprit, la bienveillance et la curiosité de Chantal, ainsi que sa passion pour l’entraide, la défense des droits d’autrui et la justice, l’ont menée à compléter ses baccalauréats en droit civil [&hellip;]" />
<meta property="og:url" content="https://www.merck.ca/fr/apercu-de-lentreprise/equipe-de-direction/chantal-desbiens/" />
<meta property="og:site_name" content="MCC Canada French" />
<meta property="article:modified_time" content="2025-07-22T15:28:30+00:00" />
<meta name="twitter:card" content="summary_large_image" />
<meta name="twitter:label1" content="Est. reading time" />
	<meta name="twitter:data1" content="2 minutes" />
<script type="application/ld+json" class="yoast-schema-graph">{"@context":"https://schema.org","@graph":[{"@type":"WebPage","@id":"https://www.merck.ca/fr/apercu-de-lentreprise/equipe-de-direction/chantal-desbiens/","url":"https://www.merck.ca/fr/apercu-de-lentreprise/equipe-de-direction/chantal-desbiens/","name":"Chantal Desbiens - MCC Canada French","isPartOf":{"@id":"https://www.merck.ca/fr/#website"},"datePublished":"2023-10-10T16:07:51+00:00","dateModified":"2025-07-22T15:28:30+00:00","breadcrumb":{"@id":"https://www.merck.ca/fr/apercu-de-lentreprise/equipe-de-direction/chantal-desbiens/#breadcrumb"},"inLanguage":"en-US","potentialAction":[{"@type":"ReadAction","target":["https://www.merck.ca/fr/apercu-de-lentreprise/equipe-de-direction/chantal-desbiens/"]}]},{"@type":"BreadcrumbList","@id":"https://www.merck.ca/fr/apercu-de-lentreprise/equipe-de-direction/chantal-desbiens/#breadcrumb","itemListElement":[{"@type":"ListItem","position":1,"name":"Aperçu de l’entreprise","item":"https://www.merck.ca/fr/apercu-de-lentreprise/"},{"@type":"ListItem","position":2,"name":"Équipe de direction","item":"https://www.merck.ca/fr/apercu-de-lentreprise/equipe-de-direction/"},{"@type":"ListItem","position":3,"name":"Chantal Desbiens"}]},{"@type":"WebSite","@id":"https://www.merck.ca/fr/#website","url":"https://www.merck.ca/fr/","name":"MCC Canada French","description":"Merck.ca","potentialAction":[{"@type":"SearchAction","target":{"@type":"EntryPoint","urlTemplate":"https://www.merck.ca/fr/?s={search_term_string}"},"query-input":"required name=search_term_string"}],"inLanguage":"en-US"}]}</script>
<!-- / Yoast SEO plugin. -->

C’était tout naturel pour Chantal Desbiens de vouloir avoir une influence positive sur &nbsp;&nbsp;la vie des gens grâce à la pratique du droit. L’ouverture d’esprit, la bienveillance et la curiosité de Chantal, ainsi que sa passion pour l’entraide, la défense des droits d’autrui et la justice, l’ont menée à compléter ses baccalauréats en droit civil [&hellip;]

Aperçu de l’entreprise

Équipe de direction
